CRAN Package Check Results for Package dupree

Last updated on 2021-04-15 05:47:53 CEST.

Flavor Version Tinstall Tcheck Ttotal Status Flags
r-devel-linux-x86_64-debian-clang 0.3.0 4.89 52.26 57.15 NOTE
r-devel-linux-x86_64-debian-gcc 0.3.0 4.19 39.26 43.45 NOTE
r-devel-linux-x86_64-fedora-clang 0.3.0 79.87 NOTE
r-devel-linux-x86_64-fedora-gcc 0.3.0 65.02 NOTE
r-devel-windows-ix86+x86_64 0.3.0 14.00 68.00 82.00 NOTE
r-devel-windows-x86_64-gcc10-UCRT 0.3.0 NOTE
r-patched-linux-x86_64 0.3.0 5.51 48.36 53.87 OK
r-patched-solaris-x86 0.3.0 101.10 OK
r-release-linux-x86_64 0.3.0 3.94 47.74 51.68 OK
r-release-macos-x86_64 0.3.0 OK
r-release-windows-ix86+x86_64 0.3.0 15.00 71.00 86.00 OK
r-oldrel-macos-x86_64 0.3.0 OK
r-oldrel-windows-ix86+x86_64 0.3.0 9.00 49.00 58.00 OK

Check Details

Version: 0.3.0
Check: LazyData
Result: NOTE
     'LazyData' is specified without a 'data' directory
Flavors: r-devel-linux-x86_64-debian-clang, r-devel-linux-x86_64-debian-gcc, r-devel-linux-x86_64-fedora-clang, r-devel-linux-x86_64-fedora-gcc, r-devel-windows-ix86+x86_64, r-devel-windows-x86_64-gcc10-UCRT