CRAN Package Check Results for Package dvmisc

Last updated on 2019-11-17 23:48:18 CET.

Flavor Version Tinstall Tcheck Ttotal Status Flags
r-devel-linux-x86_64-debian-clang 1.1.3 120.00 121.67 241.67 OK
r-devel-linux-x86_64-debian-gcc 1.1.3 74.94 91.11 166.05 OK
r-devel-linux-x86_64-fedora-clang 1.1.3 333.87 NOTE
r-devel-linux-x86_64-fedora-gcc 1.1.3 281.77 NOTE
r-devel-windows-ix86+x86_64 1.1.3 349.00 254.00 603.00 OK
r-patched-linux-x86_64 1.1.3 86.29 111.20 197.49 OK
r-patched-solaris-x86 1.1.3 308.80 NOTE
r-release-linux-x86_64 1.1.3 79.61 110.96 190.57 OK
r-release-windows-ix86+x86_64 1.1.3 176.00 296.00 472.00 OK
r-release-osx-x86_64 1.1.3 NOTE
r-oldrel-windows-ix86+x86_64 1.1.3 171.00 171.00 342.00 OK
r-oldrel-osx-x86_64 1.1.3 NOTE

Check Details

Version: 1.1.3
Check: dependencies in R code
Result: NOTE
    Namespace in Imports field not imported from: ‘purrr’
     All declared Imports should be used.
Flavors: r-devel-linux-x86_64-fedora-clang, r-devel-linux-x86_64-fedora-gcc, r-patched-solaris-x86, r-release-osx-x86_64, r-oldrel-osx-x86_64