CRAN Package Check Results for Package dwapi

Last updated on 2019-10-21 11:49:57 CEST.

Flavor Version Tinstall Tcheck Ttotal Status Flags
r-devel-linux-x86_64-debian-clang 0.1.3.1 3.47 58.93 62.40 OK
r-devel-linux-x86_64-debian-gcc 0.1.3.1 3.39 48.86 52.25 OK
r-devel-linux-x86_64-fedora-clang 0.1.3.1 75.17 NOTE
r-devel-linux-x86_64-fedora-gcc 0.1.3.1 74.72 NOTE
r-devel-windows-ix86+x86_64 0.1.3.1 8.00 63.00 71.00 OK
r-patched-linux-x86_64 0.1.3.1 3.34 57.46 60.80 OK
r-patched-solaris-x86 0.1.3.1 65.70 NOTE
r-release-linux-x86_64 0.1.3.1 4.08 58.82 62.90 OK
r-release-windows-ix86+x86_64 0.1.3.1 13.00 58.00 71.00 OK
r-release-osx-x86_64 0.1.3.1 NOTE
r-oldrel-windows-ix86+x86_64 0.1.3.1 4.00 54.00 58.00 OK
r-oldrel-osx-x86_64 0.1.3.1 NOTE

Check Details

Version: 0.1.3.1
Check: dependencies in R code
Result: NOTE
    Namespace in Imports field not imported from: ‘xml2’
     All declared Imports should be used.
Flavors: r-devel-linux-x86_64-fedora-clang, r-devel-linux-x86_64-fedora-gcc, r-patched-solaris-x86, r-release-osx-x86_64, r-oldrel-osx-x86_64