CRAN Package Check Results for Package dynamAedes

Last updated on 2022-10-07 17:51:59 CEST.

Flavor Version Tinstall Tcheck Ttotal Status Flags
r-devel-linux-x86_64-debian-clang 2.1.0 43.38 411.21 454.59 OK
r-devel-linux-x86_64-debian-gcc 2.1.0 31.53 298.72 330.25 OK
r-devel-linux-x86_64-fedora-clang 2.1.0 553.20 OK
r-devel-linux-x86_64-fedora-gcc 2.1.0 562.87 OK
r-devel-windows-x86_64 2.1.0 53.00 559.00 612.00 OK
r-patched-linux-x86_64 2.1.0 42.74 389.04 431.78 OK
r-release-linux-x86_64 2.1.0 35.23 380.49 415.72 OK
r-release-macos-arm64 2.1.0 121.00 OK
r-release-macos-x86_64 2.1.0 234.00 OK
r-release-windows-x86_64 2.1.0 55.00 556.00 611.00 OK
r-oldrel-macos-arm64 2.1.0 138.00 OK
r-oldrel-macos-x86_64 2.1.0 240.00 OK
r-oldrel-windows-ix86+x86_64 2.1.0 86.00 581.00 667.00 WARN

Check Details

Version: 2.1.0
Check: re-building of vignette outputs
Result: WARN
    Error(s) in re-building vignettes:
    --- re-building 'dynamAedes_local.Rmd' using rmarkdown
    Loading required package: spatstat
    Loading required package: spatstat.data
    Loading required package: spatstat.geom
    spatstat.geom 2.4-0
    Loading required package: spatstat.random
    spatstat.random 2.2-0
    Loading required package: spatstat.core
    Loading required package: nlme
    Loading required package: rpart
    spatstat.core 2.4-4
    Loading required package: spatstat.linnet
    spatstat.linnet 2.3-2
    
    spatstat 2.3-4 (nickname: 'Watch this space')
    For an introduction to spatstat, type 'beginner'
    
    Loading required package: sp
    Loading required package: gstat
    
    Attaching package: 'gstat'
    
    The following object is masked from 'package:spatstat.core':
    
     idw
    
    Loading required package: parallel
    Loading required package: eesim
    Loading required package: tidyverse
    -- Attaching packages --------------------------------------- tidyverse 1.3.2 --
    v ggplot2 3.3.6 v purrr 0.3.4
    v tibble 3.1.8 v dplyr 1.0.10
    v tidyr 1.2.1 v stringr 1.4.1
    v readr 2.1.3 v forcats 0.5.2
    -- Conflicts ------------------------------------------ tidyverse_conflicts() --
    x dplyr::collapse() masks nlme::collapse()
    x dplyr::filter() masks stats::filter()
    x dplyr::lag() masks stats::lag()
    Loading required package: geosphere
    
    Attaching package: 'geosphere'
    
    The following object is masked from 'package:spatstat.geom':
    
     perimeter
    
    Loading required package: rgeos
    rgeos version: 0.5-9, (SVN revision 684)
     GEOS runtime version: 3.9.1-CAPI-1.14.2
     Please note that rgeos will be retired by the end of 2023,
    plan transition to sf functions using GEOS at your earliest convenience.
     GEOS using OverlayNG
     Linking to sp version: 1.5-0
     Polygon checking: TRUE
    
    Loading required package: dynamAedes
    Loading required package: raster
    
    Attaching package: 'raster'
    
    The following object is masked from 'package:dplyr':
    
     select
    
    The following object is masked from 'package:nlme':
    
     getData
    
    Warning in Sys.setlocale("LC_TIME", "en_GB.UTF-8") :
     OS reports request to set locale to "en_GB.UTF-8" cannot be honored
    starting worker pid=113876 on localhost:11909 at 15:06:25.487
    ##########################################
    ## Life cycle iterations have begun... ##
    ##########################################
    Loading required package: dynamAedes
    Loading required package: raster
    Loading required package: sp
    loaded dynamAedes and set parent environment
    
     |
     |%%%%%%%%%%%%%%%%%%%%%%%%%%%%%%%%%%%%%%%%%%%%%%%%%%%%%%%%%%%%%%%%%%%%%%| 100%[1] "No active dispersing females today..."
    
    2000-06-03. Day 1-- of iteration 1 has ended. Population is e: 0 i: 0 a: 4685 d: 0 eh: 0 el: 81273
    Max t: 28.715
    
    [1] "No active dispersing females today..."
    
    2000-06-04. Day 2-- of iteration 1 has ended. Population is e: 81273 i: 0 a: 1018 d: 0 eh: 0 el: 82818
    Max t: 33.284
    
    
    2000-06-05. Day 3-- of iteration 1 has ended. Population is e: 149025 i: 0 a: 921 d: 0 eh: 0 el: 0
    Max t: 33.393
    
    [1] "No active dispersing females today..."
    [1] "Passively dispersing females stay in the cell of origin. Jumping to the next cell of origin..."
    [1] "Passively dispersing females stay in the cell of origin. Jumping to the next cell of origin..."
    [1] "Passively dispersing females stay in the cell of origin. Jumping to the next cell of origin..."
    
    2000-06-06. Day 4-- of iteration 1 has ended. Population is e: 126797 i: 0 a: 822 d: 0 eh: 0 el: 17933
    Max t: 32.608
    
    [1] "No active dispersing females today..."
    
    2000-06-07. Day 5-- of iteration 1 has ended. Population is e: 134900 i: 34243 a: 205 d: 0 eh: 34243 el: 15219
    Max t: 29.895
    
    
    2000-06-08. Day 6-- of iteration 1 has ended. Population is e: 105320 i: 73329 a: 191 d: 0 eh: 41490 el: 0
    Max t: 31.923
    
    [1] "No active dispersing females today..."
    [1] "Passively dispersing females stay in the cell of origin. Jumping to the next cell of origin..."
    [1] "Passively dispersing females stay in the cell of origin. Jumping to the next cell of origin..."
    [1] "Passively dispersing females stay in the cell of origin. Jumping to the next cell of origin..."
    
    2000-06-09. Day 7-- of iteration 1 has ended. Population is e: 59842 i: 86636 a: 179 d: 0 eh: 18496 el: 4130
    Max t: 31.712
    
    [1] "No active dispersing females today..."
    
    2000-06-10. Day 8-- of iteration 1 has ended. Population is e: 39930 i: 86302 a: 47 d: 0 eh: 11235 el: 4039
    Max t: 33.633
    
    
    2000-06-11. Day 9-- of iteration 1 has ended. Population is e: 30803 i: 92515 a: 44 d: 0 eh: 13042 el: 0
    Max t: 31.765
    
    [1] "No active dispersing females today..."
    [1] "Passively dispersing females stay in the cell of origin. Jumping to the next cell of origin..."
    [1] "Passively dispersing females stay in the cell of origin. Jumping to the next cell of origin..."
    
    2000-06-12. Day 10-- of iteration 1 has ended. Population is e: 15549 i: 77882 a: 40 d: 0 eh: 3693 el: 576
    Max t: 34.754
    
    [1] "No active dispersing females today..."
    
    2000-06-13. Day 11-- of iteration 1 has ended. Population is e: 11648 i: 65559 a: 4821 d: 0 eh: 4670 el: 598
    Max t: 31.991
    
    
    2000-06-14. Day 12-- of iteration 1 has ended. Population is e: 6595 i: 43776 a: 10007 d: 0 eh: 1933 el: 0
    Max t: 35.137
    
    [1] "Passively dispersing females stay in the cell of origin. Jumping to the next cell of origin..."
    [1] "Passively dispersing females stay in the cell of origin. Jumping to the next cell of origin..."
    [1] "Passively dispersing females stay in the cell of origin. Jumping to the next cell of origin..."
    [1] "Passively dispersing females stay in the cell of origin. Jumping to the next cell of origin..."
    [1] "Passively dispersing females stay in the cell of origin. Jumping to the next cell of origin..."
    [1] "Passively dispersing females stay in the cell of origin. Jumping to the next cell of origin..."
    [1] "Passively dispersing females stay in the cell of origin. Jumping to the next cell of origin..."
    [1] "Passively dispersing females stay in the cell of origin. Jumping to the next cell of origin..."
    [1] "Passively dispersing females stay in the cell of origin. Jumping to the next cell of origin..."
    
    2000-06-15. Day 13-- of iteration 1 has ended. Population is e: 4531 i: 30188 a: 15057 d: 0 eh: 2197 el: 76884
    Max t: 30.768
    
    [1] "Passively dispersing females stay in the cell of origin. Jumping to the next cell of origin..."
    [1] "Passively dispersing females stay in the cell of origin. Jumping to the next cell of origin..."
    [1] "Passively dispersing females stay in the cell of origin. Jumping to the next cell of origin..."
    [1] "Passively dispersing females stay in the cell of origin. Jumping to the next cell of origin..."
    [1] "Passively dispersing females stay in the cell of origin. Jumping to the next cell of origin..."
    [1] "Passively dispersing females stay in the cell of origin. Jumping to the next cell of origin..."
    [1] "Passively dispersing females stay in the cell of origin. Jumping to the next cell of origin..."
    [1] "Passively dispersing females stay in the cell of origin. Jumping to the next cell of origin..."
    [1] "Passively dispersing females stay in the cell of origin. Jumping to the next cell of origin..."
    [1] "Passively dispersing females stay in the cell of origin. Jumping to the next cell of origin..."
    [1] "Passively dispersing females stay in the cell of origin. Jumping to the next cell of origin..."
    
    2000-06-16. Day 14-- of iteration 1 has ended. Population is e: 79122 i: 23668 a: 14491 d: 0 eh: 1127 el: 169668
    Max t: 30.417
    
    [1] "Passively dispersing females stay in the cell of origin. Jumping to the next cell of origin..."
    [1] "Passively dispersing females stay in the cell of origin. Jumping to the next cell of origin..."
    [1] "Passively dispersing females stay in the cell of origin. Jumping to the next cell of origin..."
    [1] "Passively dispersing females stay in the cell of origin. Jumping to the next cell of origin..."
    [1] "Passively dispersing females stay in the cell of origin. Jumping to the next cell of origin..."
    
    2000-06-17. Day 15-- of iteration 1 has ended. Population is e: 189231 i: 8903 a: 4133 d: 0 eh: 32 el: 0
    Max t: 40.091
    
    [1] "Passively dispersing females stay in the cell of origin. Jumping to the next cell of origin..."
    [1] "Passively dispersing females stay in the cell of origin. Jumping to the next cell of origin..."
    [1] "Passively dispersing females stay in the cell of origin. Jumping to the next cell of origin..."
    [1] "Passively dispersing females stay in the cell of origin. Jumping to the next cell of origin..."
    [1] "Passively dispersing females stay in the cell of origin. Jumping to the next cell of origin..."
    [1] "Passively dispersing females stay in the cell of origin. Jumping to the next cell of origin..."
    [1] "Passively dispersing females stay in the cell of origin. Jumping to the next cell of origin..."
    
    2000-06-18. Day 16-- of iteration 1 has ended. Population is e: 162171 i: 2507 a: 4446 d: 0 eh: 364 el: 48560
    Max t: 32.396
    
    [1] "Passively dispersing females stay in the cell of origin. Jumping to the next cell of origin..."
    [1] "Passively dispersing females stay in the cell of origin. Jumping to the next cell of origin..."
    [1] "Passively dispersing females stay in the cell of origin. Jumping to the next cell of origin..."
    [1] "Passively dispersing females stay in the cell of origin. Jumping to the next cell of origin..."
    [1] "Passively dispersing females stay in the cell of origin. Jumping to the next cell of origin..."
    [1] "Passively dispersing females stay in the cell of origin. Jumping to the next cell of origin..."
    [1] "Passively dispersing females stay in the cell of origin. Jumping to the next cell of origin..."
    [1] "Passively dispersing females stay in the cell of origin. Jumping to the next cell of origin..."
    [1] "Passively dispersing females stay in the cell of origin. Jumping to the next cell of origin..."
    
    2000-06-19. Day 17-- of iteration 1 has ended. Population is e: 174837 i: 7107 a: 3469 d: 0 eh: 5472 el: 45642
    Max t: 34.002
    
    [1] "Passively dispersing females stay in the cell of origin. Jumping to the next cell of origin..."
    [1] "Passively dispersing females stay in the cell of origin. Jumping to the next cell of origin..."
    [1] "Passively dispersing females stay in the cell of origin. Jumping to the next cell of origin..."
    [1] "Passively dispersing females stay in the cell of origin. Jumping to the next cell of origin..."
    [1] "Passively dispersing females stay in the cell of origin. Jumping to the next cell of origin..."
    [1] "Passively dispersing females stay in the cell of origin. Jumping to the next cell of origin..."
    [1] "Passively dispersing females stay in the cell of origin. Jumping to the next cell of origin..."
    [1] "Passively dispersing females stay in the cell of origin. Jumping to the next cell of origin..."
    
    2000-06-20. Day 18-- of iteration 1 has ended. Population is e: 171236 i: 38957 a: 2485 d: 0 eh: 33582 el: 57206
    Max t: 34.802
    
    [1] "Passively dispersing females stay in the cell of origin. Jumping to the next cell of origin..."
    [1] "Passively dispersing females stay in the cell of origin. Jumping to the next cell of origin..."
    [1] "Passively dispersing females stay in the cell of origin. Jumping to the next cell of origin..."
    [1] "Passively dispersing females stay in the cell of origin. Jumping to the next cell of origin..."
    [1] "Passively dispersing females stay in the cell of origin. Jumping to the next cell of origin..."
    [1] "Passively dispersing females stay in the cell of origin. Jumping to the next cell of origin..."
    
    2000-06-21. Day 19-- of iteration 1 has ended. Population is e: 182379 i: 64484 a: 1359 d: 0 eh: 29059 el: 41866
    Max t: 32.492
    
    [1] "Passively dispersing females stay in the cell of origin. Jumping to the next cell of origin..."
    [1] "Passively dispersing females stay in the cell of origin. Jumping to the next cell of origin..."
    [1] "Passively dispersing females stay in the cell of origin. Jumping to the next cell of origin..."
    [1] "Passively dispersing females stay in the cell of origin. Jumping to the next cell of origin..."
    [1] "Passively dispersing females stay in the cell of origin. Jumping to the next cell of origin..."
    [1] "Passively dispersing females stay in the cell of origin. Jumping to the next cell of origin..."
    
    2000-06-22. Day 20-- of iteration 1 has ended. Population is e: 161522 i: 70916 a: 931 d: 0 eh: 18602 el: 16652
    Max t: 34.692
    
    [1] "Passively dispersing females stay in the cell of origin. Jumping to the next cell of origin..."
    [1] "Passively dispersing females stay in the cell of origin. Jumping to the next cell of origin..."
    [1] "Passively dispersing females stay in the cell of origin. Jumping to the next cell of origin..."
    [1] "Passively dispersing females stay in the cell of origin. Jumping to the next cell of origin..."
    [1] "Passively dispersing females stay in the cell of origin. Jumping to the next cell of origin..."
    
    2000-06-23. Day 21-- of iteration 1 has ended. Population is e: 131231 i: 78994 a: 633 d: 0 eh: 20611 el: 15346
    Max t: 34.442
    
    [1] "Passively dispersing females stay in the cell of origin. Jumping to the next cell of origin..."
    [1] "Passively dispersing females stay in the cell of origin. Jumping to the next cell of origin..."
    [1] "Passively dispersing females stay in the cell of origin. Jumping to the next cell of origin..."
    [1] "Passively dispersing females stay in the cell of origin. Jumping to the next cell of origin..."
    [1] "Passively dispersing females stay in the cell of origin. Jumping to the next cell of origin..."
    
    2000-06-24. Day 22-- of iteration 1 has ended. Population is e: 111387 i: 96417 a: 396 d: 0 eh: 26713 el: 11433
    Max t: 33.259
    
    [1] "Passively dispersing females stay in the cell of origin. Jumping to the next cell of origin..."
    [1] "Passively dispersing females stay in the cell of origin. Jumping to the next cell of origin..."
    [1] "Passively dispersing females stay in the cell of origin. Jumping to the next cell of origin..."
    [1] "Passively dispersing females stay in the cell of origin. Jumping to the next cell of origin..."
    [1] "Passively dispersing females stay in the cell of origin. Jumping to the next cell of origin..."
    
    2000-06-25. Day 23-- of iteration 1 has ended. Population is e: 84051 i: 102663 a: 865 d: 0 eh: 21427 el: 4365
    Max t: 33.911
    
    [1] "Laying diapausing eggs"
    [1] "Passively dispersing females stay in the cell of origin. Jumping to the next cell of origin..."
    [1] "Passively dispersing females stay in the cell of origin. Jumping to the next cell of origin..."
    [1] "Passively dispersing females stay in the cell of origin. Jumping to the next cell of origin..."
    [1] "Passively dispersing females stay in the cell of origin. Jumping to the next cell of origin..."
    [1] "Passively dispersing females stay in the cell of origin. Jumping to the next cell of origin..."
    [1] "Passively dispersing females stay in the cell of origin. Jumping to the next cell of origin..."
    
    2000-06-26. Day 24-- of iteration 1 has ended. Population is e: 59799 i: 96410 a: 4600 d: 0 eh: 16048 el: 4918
    Max t: 33.75
    
    [1] "Laying diapausing eggs"
    [1] "Passively dispersing females stay in the cell of origin. Jumping to the next cell of origin..."
    [1] "Passively dispersing females stay in the cell of origin. Jumping to the next cell of origin..."
    [1] "Passively dispersing females stay in the cell of origin. Jumping to the next cell of origin..."
    [1] "Passively dispersing females stay in the cell of origin. Jumping to the next cell of origin..."
    [1] "Passively dispersing females stay in the cell of origin. Jumping to the next cell of origin..."
    [1] "Passively dispersing females stay in the cell of origin. Jumping to the next cell of origin..."
    [1] "Passively dispersing females stay in the cell of origin. Jumping to the next cell of origin..."
    [1] "Passively dispersing females stay in the cell of origin. Jumping to the next cell of origin..."
    [1] "Passively dispersing females stay in the cell of origin. Jumping to the next cell of origin..."
    [1] "Passively dispersing females stay in the cell of origin. Jumping to the next cell of origin..."
    
    2000-06-27. Day 25-- of iteration 1 has ended. Population is e: 34764 i: 42765 a: 5009 d: 0 eh: 3570 el: 10282
    Max t: 38.397
    
    [1] "Laying diapausing eggs"
    [1] "Passively dispersing females stay in the cell of origin. Jumping to the next cell of origin..."
    [1] "Passively dispersing females stay in the cell of origin. Jumping to the next cell of origin..."
    [1] "Passively dispersing females stay in the cell of origin. Jumping to the next cell of origin..."
    [1] "Passively dispersing females stay in the cell of origin. Jumping to the next cell of origin..."
    [1] "Passively dispersing females stay in the cell of origin. Jumping to the next cell of origin..."
    [1] "Passively dispersing females stay in the cell of origin. Jumping to the next cell of origin..."
    [1] "Passively dispersing females stay in the cell of origin. Jumping to the next cell of origin..."
    [1] "Passively dispersing females stay in the cell of origin. Jumping to the next cell of origin..."
    [1] "Passively dispersing females stay in the cell of origin. Jumping to the next cell of origin..."
    [1] "Passively dispersing females stay in the cell of origin. Jumping to the next cell of origin..."
    
    2000-06-28. Day 26-- of iteration 1 has ended. Population is e: 39789 i: 43109 a: 7575 d: 0 eh: 12627 el: 43531
    Max t: 32.33
    
    [1] "Laying diapausing eggs"
    [1] "Passively dispersing females stay in the cell of origin. Jumping to the next cell of origin..."
    [1] "Passively dispersing females stay in the cell of origin. Jumping to the next cell of origin..."
    [1] "Passively dispersing females stay in the cell of origin. Jumping to the next cell of origin..."
    [1] "Passively dispersing females stay in the cell of origin. Jumping to the next cell of origin..."
    [1] "Passively dispersing females stay in the cell of origin. Jumping to the next cell of origin..."
    [1] "Passively dispersing females stay in the cell of origin. Jumping to the next cell of origin..."
    [1] "Passively dispersing females stay in the cell of origin. Jumping to the next cell of origin..."
    [1] "Passively dispersing females stay in the cell of origin. Jumping to the next cell of origin..."
    [1] "Passively dispersing females stay in the cell of origin. Jumping to the next cell of origin..."
    
    2000-06-29. Day 27-- of iteration 1 has ended. Population is e: 68733 i: 43747 a: 7360 d: 2 eh: 7006 el: 86596
    Max t: 31.611
    
    [1] "Laying diapausing eggs"
    [1] "Passively dispersing females stay in the cell of origin. Jumping to the next cell of origin..."
    [1] "Passively dispersing females stay in the cell of origin. Jumping to the next cell of origin..."
    [1] "Passively dispersing females stay in the cell of origin. Jumping to the next cell of origin..."
    [1] "Passively dispersing females stay in the cell of origin. Jumping to the next cell of origin..."
    [1] "Passively dispersing females stay in the cell of origin. Jumping to the next cell of origin..."
    [1] "Passively dispersing females stay in the cell of origin. Jumping to the next cell of origin..."
    [1] "Passively dispersing females stay in the cell of origin. Jumping to the next cell of origin..."
    [1] "Passively dispersing females stay in the cell of origin. Jumping to the next cell of origin..."
    [1] "Passively dispersing females stay in the cell of origin. Jumping to the next cell of origin..."
    [1] "Passively dispersing females stay in the cell of origin. Jumping to the next cell of origin..."
    [1] "Passively dispersing females stay in the cell of origin. Jumping to the next cell of origin..."
    
    2000-06-30. Day 28-- of iteration 1 has ended. Population is e: 135854 i: 37006 a: 7090 d: 2 eh: 3398 el: 105101
    Max t: 34.054
    
    [1] "Laying diapausing eggs"
    [1] "Passively dispersing females stay in the cell of origin. Jumping to the next cell of origin..."
    [1] "Passively dispersing females stay in the cell of origin. Jumping to the next cell of origin..."
    [1] "Passively dispersing females stay in the cell of origin. Jumping to the next cell of origin..."
    [1] "Passively dispersing females stay in the cell of origin. Jumping to the next cell of origin..."
    [1] "Passively dispersing females stay in the cell of origin. Jumping to the next cell of origin..."
    [1] "Passively dispersing females stay in the cell of origin. Jumping to the next cell of origin..."
    [1] "Passively dispersing females stay in the cell of origin. Jumping to the next cell of origin..."
    [1] "Passively dispersing females stay in the cell of origin. Jumping to the next cell of origin..."
    [1] "Passively dispersing females stay in the cell of origin. Jumping to the next cell of origin..."
    [1] "Passively dispersing females stay in the cell of origin. Jumping to the next cell of origin..."
    [1] "Passively dispersing females stay in the cell of origin. Jumping to the next cell of origin..."
    [1] "Passively dispersing females stay in the cell of origin. Jumping to the next cell of origin..."
    [1] "Passively dispersing females stay in the cell of origin. Jumping to the next cell of origin..."
    
    2000-07-01. Day 29-- of iteration 1 has ended. Population is e: 204125 i: 29586 a: 6875 d: 4 eh: 3830 el: 89417
    Max t: 34.659
    
    [1] "Laying diapausing eggs"
    [1] "Passively dispersing females stay in the cell of origin. Jumping to the next cell of origin..."
    [1] "Passively dispersing females stay in the cell of origin. Jumping to the next cell of origin..."
    [1] "Passively dispersing females stay in the cell of origin. Jumping to the next cell of origin..."
    [1] "Passively dispersing females stay in the cell of origin. Jumping to the next cell of origin..."
    [1] "Passively dispersing females stay in the cell of origin. Jumping to the next cell of origin..."
    [1] "Passively dispersing females stay in the cell of origin. Jumping to the next cell of origin..."
    [1] "Passively dispersing females stay in the cell of origin. Jumping to the next cell of origin..."
    [1] "Passively dispersing females stay in the cell of origin. Jumping to the next cell of origin..."
    [1] "Passively dispersing females stay in the cell of origin. Jumping to the next cell of origin..."
    [1] "Passively dispersing females stay in the cell of origin. Jumping to the next cell of origin..."
    
    2000-07-02. Day 30-- of iteration 1 has ended. Population is e: 235346 i: 28920 a: 6593 d: 4 eh: 8752 el: 81862
    Max t: 34.948
    
    [1] "Laying diapausing eggs"
    [1] "Passively dispersing females stay in the cell of origin. Jumping to the next cell of origin..."
    [1] "Passively dispersing females stay in the cell of origin. Jumping to the next cell of origin..."
    [1] "Passively dispersing females stay in the cell of origin. Jumping to the next cell of origin..."
    [1] "Passively dispersing females stay in the cell of origin. Jumping to the next cell of origin..."
    [1] "Passively dispersing females stay in the cell of origin. Jumping to the next cell of origin..."
    [1] "Passively dispersing females stay in the cell of origin. Jumping to the next cell of origin..."
    [1] "Passively dispersing females stay in the cell of origin. Jumping to the next cell of origin..."
    [1] "Passively dispersing females stay in the cell of origin. Jumping to the next cell of origin..."
    [1] "Passively dispersing females stay in the cell of origin. Jumping to the next cell of origin..."
    
    2000-07-03. Day 31-- of iteration 1 has ended. Population is e: 272535 i: 49332 a: 5896 d: 2 eh: 25924 el: 94826
    Max t: 33.058
    
    [1] "Laying diapausing eggs"
    [1] "Passively dispersing females stay in the cell of origin. Jumping to the next cell of origin..."
    [1] "Passively dispersing females stay in the cell of origin. Jumping to the next cell of origin..."
    [1] "Passively dispersing females stay in the cell of origin. Jumping to the next cell of origin..."
    [1] "Passively dispersing females stay in the cell of origin. Jumping to the next cell of origin..."
    [1] "Passively dispersing females stay in the cell of origin. Jumping to the next cell of origin..."
    [1] "Passively dispersing females stay in the cell of origin. Jumping to the next cell of origin..."
    [1] "Passively dispersing females stay in the cell of origin. Jumping to the next cell of origin..."
    
    2000-07-04. Day 32-- of iteration 1 has ended. Population is e: 314737 i: 88307 a: 5746 d: 4 eh: 46195 el: 84530
    Max t: 31.781
    
    [1] "Laying diapausing eggs"
    [1] "Passively dispersing females stay in the cell of origin. Jumping to the next cell of origin..."
    [1] "Passively dispersing females stay in the cell of origin. Jumping to the next cell of origin..."
    [1] "Passively dispersing females stay in the cell of origin. Jumping to the next cell of origin..."
    [1] "Passively dispersing females stay in the cell of origin. Jumping to the next cell of origin..."
    [1] "Passively dispersing females stay in the cell of origin. Jumping to the next cell of origin..."
    [1] "Passively dispersing females stay in the cell of origin. Jumping to the next cell of origin..."
    [1] "Passively dispersing females stay in the cell of origin. Jumping to the next cell of origin..."
    [1] "Passively dispersing females stay in the cell of origin. Jumping to the next cell of origin..."
    
    2000-07-05. Day 33-- of iteration 1 has ended. Population is e: 253966 i: 72224 a: 4223 d: 5 eh: 18319 el: 61900
    Max t: 36.737
    
    [1] "Laying diapausing eggs"
    [1] "Passively dispersing females stay in the cell of origin. Jumping to the next cell of origin..."
    [1] "Passively dispersing females stay in the cell of origin. Jumping to the next cell of origin..."
    [1] "Passively dispersing females stay in the cell of origin. Jumping to the next cell of origin..."
    [1] "Passively dispersing females stay in the cell of origin. Jumping to the next cell of origin..."
    [1] "Passively dispersing females stay in the cell of origin. Jumping to the next cell of origin..."
    [1] "Passively dispersing females stay in the cell of origin. Jumping to the next cell of origin..."
    [1] "Passively dispersing females stay in the cell of origin. Jumping to the next cell of origin..."
    [1] "Passively dispersing females stay in the cell of origin. Jumping to the next cell of origin..."
    
    2000-07-06. Day 34-- of iteration 1 has ended. Population is e: 264112 i: 102777 a: 4194 d: 4 eh: 41494 el: 55297
    Max t: 33.305
    
    [1] "Laying diapausing eggs"
    [1] "Passively dispersing females stay in the cell of origin. Jumping to the next cell of origin..."
    [1] "Passively dispersing females stay in the cell of origin. Jumping to the next cell of origin..."
    [1] "Passively dispersing females stay in the cell of origin. Jumping to the next cell of origin..."
    [1] "Passively dispersing females stay in the cell of origin. Jumping to the next cell of origin..."
    [1] "Passively dispersing females stay in the cell of origin. Jumping to the next cell of origin..."
    [1] "Passively dispersing females stay in the cell of origin. Jumping to the next cell of origin..."
    [1] "Passively dispersing females stay in the cell of origin. Jumping to the next cell of origin..."
    
    2000-07-07. Day 35-- of iteration 1 has ended. Population is e: 253650 i: 138509 a: 3452 d: 2 eh: 45733 el: 59388
    Max t: 32.202
    
    [1] "Laying diapausing eggs"
    [1] "Passively dispersing females stay in the cell of origin. Jumping to the next cell of origin..."
    [1] "Passively dispersing females stay in the cell of origin. Jumping to the next cell of origin..."
    [1] "Passively dispersing females stay in the cell of origin. Jumping to the next cell of origin..."
    [1] "Passively dispersing females stay in the cell of origin. Jumping to the next cell of origin..."
    [1] "Passively dispersing females stay in the cell of origin. Jumping to the next cell of origin..."
    [1] "Passively dispersing females stay in the cell of origin. Jumping to the next cell of origin..."
    [1] "Passively dispersing females stay in the cell of origin. Jumping to the next cell of origin..."
    
    2000-07-08. Day 36-- of iteration 1 has ended. Population is e: 234773 i: 158126 a: 3344 d: 2 eh: 39930 el: 52118
    Max t: 33.531
    
    [1] "Laying diapausing eggs"
    [1] "Passively dispersing females stay in the cell of origin. Jumping to the next cell of origin..."
    [1] "Passively dispersing females stay in the cell of origin. Jumping to the next cell of origin..."
    [1] "Passively dispersing females stay in the cell of origin. Jumping to the next cell of origin..."
    [1] "Passively dispersing females stay in the cell of origin. Jumping to the next cell of origin..."
    [1] "Passively dispersing females stay in the cell of origin. Jumping to the next cell of origin..."
    [1] "Passively dispersing females stay in the cell of origin. Jumping to the next cell of origin..."
    [1] "Passively dispersing females stay in the cell of origin. Jumping to the next cell of origin..."
    [1] "Passively dispersing females stay in the cell of origin. Jumping to the next cell of origin..."
    
    2000-07-09. Day 37-- of iteration 1 has ended. Population is e: 217562 i: 166657 a: 5269 d: 1 eh: 36801 el: 42895
    Max t: 33.599
    
    [1] "Laying diapausing eggs"
    [1] "Passively dispersing females stay in the cell of origin. Jumping to the next cell of origin..."
    [1] "Passively dispersing females stay in the cell of origin. Jumping to the next cell of origin..."
    [1] "Passively dispersing females stay in the cell of origin. Jumping to the next cell of origin..."
    [1] "Passively dispersing females stay in the cell of origin. Jumping to the next cell of origin..."
    [1] "Passively dispersing females stay in the cell of origin. Jumping to the next cell of origin..."
    [1] "Passively dispersing females stay in the cell of origin. Jumping to the next cell of origin..."
    [1] "Passively dispersing females stay in the cell of origin. Jumping to the next cell of origin..."
    
    2000-07-10. Day 38-- of iteration 1 has ended. Population is e: 169538 i: 121351 a: 7795 d: 5 eh: 18112 el: 37627
    Max t: 36.36
    
    [1] "Laying diapausing eggs"
    [1] "Passively dispersing females stay in the cell of origin. Jumping to the next cell of origin..."
    [1] "Passively dispersing females stay in the cell of origin. Jumping to the next cell of origin..."
    [1] "Passively dispersing females stay in the cell of origin. Jumping to the next cell of origin..."
    [1] "Passively dispersing females stay in the cell of origin. Jumping to the next cell of origin..."
    [1] "Passively dispersing females stay in the cell of origin. Jumping to the next cell of origin..."
    [1] "Passively dispersing females stay in the cell of origin. Jumping to the next cell of origin..."
    [1] "Passively dispersing females stay in the cell of origin. Jumping to the next cell of origin..."
    [1] "Passively dispersing females stay in the cell of origin. Jumping to the next cell of origin..."
    [1] "Passively dispersing females stay in the cell of origin. Jumping to the next cell of origin..."
    [1] "Passively dispersing females stay in the cell of origin. Jumping to the next cell of origin..."
    
    2000-07-11. Day 39-- of iteration 1 has ended. Population is e: 164947 i: 121644 a: 10371 d: 1 eh: 29459 el: 63040
    Max t: 34.154
    
    [1] "Laying diapausing eggs"
    [1] "Passively dispersing females stay in the cell of origin. Jumping to the next cell of origin..."
    [1] "Passively dispersing females stay in the cell of origin. Jumping to the next cell of origin..."
    [1] "Passively dispersing females stay in the cell of origin. Jumping to the next cell of origin..."
    [1] "Passively dispersing females stay in the cell of origin. Jumping to the next cell of origin..."
    [1] "Passively dispersing females stay in the cell of origin. Jumping to the next cell of origin..."
    [1] "Passively dispersing females stay in the cell of origin. Jumping to the next cell of origin..."
    [1] "Passively dispersing females stay in the cell of origin. Jumping to the next cell of origin..."
    [1] "Passively dispersing females stay in the cell of origin. Jumping to the next cell of origin..."
    [1] "Passively dispersing females stay in the cell of origin. Jumping to the next cell of origin..."
    [1] "Passively dispersing females stay in the cell of origin. Jumping to the next cell of origin..."
    [1] "Passively dispersing females stay in the cell of origin. Jumping to the next cell of origin..."
    
    2000-07-12. Day 40-- of iteration 1 has ended. Population is e: 167328 i: 100956 a: 11438 d: 3 eh: 18419 el: 118007
    Max t: 35.548
    
    [1] "Laying diapausing eggs"
    [1] "Passively dispersing females stay in the cell of origin. Jumping to the next cell of origin..."
    [1] "Passively dispersing females stay in the cell of origin. Jumping to the next cell of origin..."
    [1] "Passively dispersing females stay in the cell of origin. Jumping to the next cell of origin..."
    [1] "Passively dispersing females stay in the cell of origin. Jumping to the next cell of origin..."
    [1] "Passively dispersing females stay in the cell of origin. Jumping to the next cell of origin..."
    [1] "Passively dispersing females stay in the cell of origin. Jumping to the next cell of origin..."
    [1] "Passively dispersing females stay in the cell of origin. Jumping to the next cell of origin..."
    [1] "Passively dispersing females stay in the cell of origin. Jumping to the next cell of origin..."
    [1] "Passively dispersing females stay in the cell of origin. Jumping to the next cell of origin..."
    [1] "Passively dispersing females stay in the cell of origin. Jumping to the next cell of origin..."
    [1] "Passively dispersing females stay in the cell of origin. Jumping to the next cell of origin..."
    [1] "Passively dispersing females stay in the cell of origin. Jumping to the next cell of origin..."
    
    2000-07-13. Day 41-- of iteration 1 has ended. Population is e: 248801 i: 106258 a: 13714 d: 7 eh: 28068 el: 132869
    Max t: 32.845
    
    [1] "Laying diapausing eggs"
    [1] "Passively dispersing females stay in the cell of origin. Jumping to the next cell of origin..."
    [1] "Passively dispersing females stay in the cell of origin. Jumping to the next cell of origin..."
    [1] "Passively dispersing females stay in the cell of origin. Jumping to the next cell of origin..."
    [1] "Passively dispersing females stay in the cell of origin. Jumping to the next cell of origin..."
    [1] "Passively dispersing females stay in the cell of origin. Jumping to the next cell of origin..."
    [1] "Passively dispersing females stay in the cell of origin. Jumping to the next cell of origin..."
    [1] "Passively dispersing females stay in the cell of origin. Jumping to the next cell of origin..."
    [1] "Passively dispersing females stay in the cell of origin. Jumping to the next cell of origin..."
    [1] "Passively dispersing females stay in the cell of origin. Jumping to the next cell of origin..."
    [1] "Passively dispersing females stay in the cell of origin. Jumping to the next cell of origin..."
    [1] "Passively dispersing females stay in the cell of origin. Jumping to the next cell of origin..."
    [1] "Passively dispersing females stay in the cell of origin. Jumping to the next cell of origin..."
    [1] "Passively dispersing females stay in the cell of origin. Jumping to the next cell of origin..."
    
    2000-07-14. Day 42-- of iteration 1 has ended. Population is e: 307287 i: 98798 a: 14252 d: 7 eh: 18020 el: 153787
    Max t: 34.324
    
    [1] "Laying diapausing eggs"
    [1] "Passively dispersing females stay in the cell of origin. Jumping to the next cell of origin..."
    [1] "Passively dispersing females stay in the cell of origin. Jumping to the next cell of origin..."
    [1] "Passively dispersing females stay in the cell of origin. Jumping to the next cell of origin..."
    [1] "Passively dispersing females stay in the cell of origin. Jumping to the next cell of origin..."
    [1] "Passively dispersing females stay in the cell of origin. Jumping to the next cell of origin..."
    [1] "Passively dispersing females stay in the cell of origin. Jumping to the next cell of origin..."
    [1] "Passively dispersing females stay in the cell of origin. Jumping to the next cell of origin..."
    [1] "Passively dispersing females stay in the cell of origin. Jumping to the next cell of origin..."
    [1] "Passively dispersing females stay in the cell of origin. Jumping to the next cell of origin..."
    [1] "Passively dispersing females stay in the cell of origin. Jumping to the next cell of origin..."
    [1] "Passively dispersing females stay in the cell of origin. Jumping to the next cell of origin..."
    [1] "Passively dispersing females stay in the cell of origin. Jumping to the next cell of origin..."
    [1] "Passively dispersing females stay in the cell of origin. Jumping to the next cell of origin..."
    
    2000-07-15. Day 43-- of iteration 1 has ended. Population is e: 397499 i: 106108 a: 15246 d: 14 eh: 28497 el: 185989
    Max t: 33.131
    
    [1] "Laying diapausing eggs"
    [1] "Passively dispersing females stay in the cell of origin. Jumping to the next cell of origin..."
    [1] "Passively dispersing females stay in the cell of origin. Jumping to the next cell of origin..."
    [1] "Passively dispersing females stay in the cell of origin. Jumping to the next cell of origin..."
    [1] "Passively dispersing females stay in the cell of origin. Jumping to the next cell of origin..."
    [1] "Passively dispersing females stay in the cell of origin. Jumping to the next cell of origin..."
    [1] "Passively dispersing females stay in the cell of origin. Jumping to the next cell of origin..."
    [1] "Passively dispersing females stay in the cell of origin. Jumping to the next cell of origin..."
    [1] "Passively dispersing females stay in the cell of origin. Jumping to the next cell of origin..."
    [1] "Passively dispersing females stay in the cell of origin. Jumping to the next cell of origin..."
    [1] "Passively dispersing females stay in the cell of origin. Jumping to the next cell of origin..."
    [1] "Passively dispersing females stay in the cell of origin. Jumping to the next cell of origin..."
    [1] "Passively dispersing females stay in the cell of origin. Jumping to the next cell of origin..."
    [1] "Passively dispersing females stay in the cell of origin. Jumping to the next cell of origin..."
    [1] "Passively dispersing females stay in the cell of origin. Jumping to the next cell of origin..."
    
    2000-07-16. Day 44-- of iteration 1 has ended. Population is e: 481757 i: 122061 a: 13635 d: 11 eh: 38186 el: 191836
    Max t: 33.973
    
    [1] "Laying diapausing eggs"
    [1] "Passively dispersing females stay in the cell of origin. Jumping to the next cell of origin..."
    [1] "Passively dispersing females stay in the cell of origin. Jumping to the next cell of origin..."
    [1] "Passively dispersing females stay in the cell of origin. Jumping to the next cell of origin..."
    [1] "Passively dispersing females stay in the cell of origin. Jumping to the next cell of origin..."
    [1] "Passively dispersing females stay in the cell of origin. Jumping to the next cell of origin..."
    [1] "Passively dispersing females stay in the cell of origin. Jumping to the next cell of origin..."
    [1] "Passively dispersing females stay in the cell of origin. Jumping to the next cell of origin..."
    [1] "Passively dispersing females stay in the cell of origin. Jumping to the next cell of origin..."
    [1] "Passively dispersing females stay in the cell of origin. Jumping to the next cell of origin..."
    [1] "Passively dispersing females stay in the cell of origin. Jumping to the next cell of origin..."
    [1] "Passively dispersing females stay in the cell of origin. Jumping to the next cell of origin..."
    [1] "Passively dispersing females stay in the cell of origin. Jumping to the next cell of origin..."
    [1] "Passively dispersing females stay in the cell of origin. Jumping to the next cell of origin..."
    [1] "Passively dispersing females stay in the cell of origin. Jumping to the next cell of origin..."
    [1] "Passively dispersing females stay in the cell of origin. Jumping to the next cell of origin..."
    
    2000-07-17. Day 45-- of iteration 1 has ended. Population is e: 587334 i: 173055 a: 14512 d: 15 eh: 70520 el: 181353
    Max t: 31.812
    
    [1] "Laying diapausing eggs"
    [1] "Passively dispersing females stay in the cell of origin. Jumping to the next cell of origin..."
    [1] "Passively dispersing females stay in the cell of origin. Jumping to the next cell of origin..."
    [1] "Passively dispersing females stay in the cell of origin. Jumping to the next cell of origin..."
    [1] "Passively dispersing females stay in the cell of origin. Jumping to the next cell of origin..."
    [1] "Passively dispersing females stay in the cell of origin. Jumping to the next cell of origin..."
    [1] "Passively dispersing females stay in the cell of origin. Jumping to the next cell of origin..."
    [1] "Passively dispersing females stay in the cell of origin. Jumping to the next cell of origin..."
    [1] "Passively dispersing females stay in the cell of origin. Jumping to the next cell of origin..."
    [1] "Passively dispersing females stay in the cell of origin. Jumping to the next cell of origin..."
    [1] "Passively dispersing females stay in the cell of origin. Jumping to the next cell of origin..."
    [1] "Passively dispersing females stay in the cell of origin. Jumping to the next cell of origin..."
    [1] "Passively dispersing females stay in the cell of origin. Jumping to the next cell of origin..."
    [1] "Passively dispersing females stay in the cell of origin. Jumping to the next cell of origin..."
    [1] "Passively dispersing females stay in the cell of origin. Jumping to the next cell of origin..."
    [1] "Passively dispersing females stay in the cell of origin. Jumping to the next cell of origin..."
    [1] "Passively dispersing females stay in the cell of origin. Jumping to the next cell of origin..."
    [1] "Passively dispersing females stay in the cell of origin. Jumping to the next cell of origin..."
    [1] "Passively dispersing females stay in the cell of origin. Jumping to the next cell of origin..."
    [1] "Passively dispersing females stay in the cell of origin. Jumping to the next cell of origin..."
    
    2000-07-18. Day 46-- of iteration 1 has ended. Population is e: 653337 i: 245466 a: 14168 d: 13 eh: 92303 el: 170082
    Max t: 30.867
    
    [1] "Laying diapausing eggs"
    [1] "Passively dispersing females stay in the cell of origin. Jumping to the next cell of origin..."
    [1] "Passively dispersing females stay in the cell of origin. Jumping to the next cell of origin..."
    [1] "Passively dispersing females stay in the cell of origin. Jumping to the next cell of origin..."
    [1] "Passively dispersing females stay in the cell of origin. Jumping to the next cell of origin..."
    [1] "Passively dispersing females stay in the cell of origin. Jumping to the next cell of origin..."
    [1] "Passively dispersing females stay in the cell of origin. Jumping to the next cell of origin..."
    [1] "Passively dispersing females stay in the cell of origin. Jumping to the next cell of origin..."
    [1] "Passively dispersing females stay in the cell of origin. Jumping to the next cell of origin..."
    [1] "Passively dispersing females stay in the cell of origin. Jumping to the next cell of origin..."
    [1] "Passively dispersing females stay in the cell of origin. Jumping to the next cell of origin..."
    [1] "Passively dispersing females stay in the cell of origin. Jumping to the next cell of origin..."
    [1] "Passively dispersing females stay in the cell of origin. Jumping to the next cell of origin..."
    [1] "Passively dispersing females stay in the cell of origin. Jumping to the next cell of origin..."
    [1] "Passively dispersing females stay in the cell of origin. Jumping to the next cell of origin..."
    [1] "Passively dispersing females stay in the cell of origin. Jumping to the next cell of origin..."
    [1] "Passively dispersing females stay in the cell of origin. Jumping to the next cell of origin..."
    
    2000-07-19. Day 47-- of iteration 1 has ended. Population is e: 462448 i: 139170 a: 9737 d: 13 eh: 22893 el: 141842
    Max t: 37.842
    
    [1] "Laying diapausing eggs"
    [1] "Passively dispersing females stay in the cell of origin. Jumping to the next cell of origin..."
    [1] "Passively dispersing females stay in the cell of origin. Jumping to the next cell of origin..."
    [1] "Passively dispersing females stay in the cell of origin. Jumping to the next cell of origin..."
    [1] "Passively dispersing females stay in the cell of origin. Jumping to the next cell of origin..."
    [1] "Passively dispersing females stay in the cell of origin. Jumping to the next cell of origin..."
    [1] "Passively dispersing females stay in the cell of origin. Jumping to the next cell of origin..."
    [1] "Passively dispersing females stay in the cell of origin. Jumping to the next cell of origin..."
    [1] "Passively dispersing females stay in the cell of origin. Jumping to the next cell of origin..."
    [1] "Passively dispersing females stay in the cell of origin. Jumping to the next cell of origin..."
    [1] "Passively dispersing females stay in the cell of origin. Jumping to the next cell of origin..."
    [1] "Passively dispersing females stay in the cell of origin. Jumping to the next cell of origin..."
    [1] "Passively dispersing females stay in the cell of origin. Jumping to the next cell of origin..."
    
    2000-07-20. Day 48-- of iteration 1 has ended. Population is e: 490218 i: 161352 a: 10194 d: 15 eh: 61039 el: 110404
    Max t: 34.8
    
    [1] "Laying diapausing eggs"
    [1] "Passively dispersing females stay in the cell of origin. Jumping to the next cell of origin..."
    [1] "Passively dispersing females stay in the cell of origin. Jumping to the next cell of origin..."
    [1] "Passively dispersing females stay in the cell of origin. Jumping to the next cell of origin..."
    [1] "Passively dispersing females stay in the cell of origin. Jumping to the next cell of origin..."
    [1] "Passively dispersing females stay in the cell of origin. Jumping to the next cell of origin..."
    [1] "Passively dispersing females stay in the cell of origin. Jumping to the next cell of origin..."
    [1] "Passively dispersing females stay in the cell of origin. Jumping to the next cell of origin..."
    [1] "Passively dispersing females stay in the cell of origin. Jumping to the next cell of origin..."
    [1] "Passively dispersing females stay in the cell of origin. Jumping to the next cell of origin..."
    [1] "Passively dispersing females stay in the cell of origin. Jumping to the next cell of origin..."
    
    2000-07-21. Day 49-- of iteration 1 has ended. Population is e: 507656 i: 239929 a: 10728 d: 17 eh: 96370 el: 108369
    Max t: 30.784
    
    [1] "Laying diapausing eggs"
    [1] "Passively dispersing females stay in the cell of origin. Jumping to the next cell of origin..."
    [1] "Passively dispersing females stay in the cell of origin. Jumping to the next cell of origin..."
    [1] "Passively dispersing females stay in the cell of origin. Jumping to the next cell of origin..."
    [1] "Passively dispersing females stay in the cell of origin. Jumping to the next cell of origin..."
    [1] "Passively dispersing females stay in the cell of origin. Jumping to the next cell of origin..."
    [1] "Passively dispersing females stay in the cell of origin. Jumping to the next cell of origin..."
    [1] "Passively dispersing females stay in the cell of origin. Jumping to the next cell of origin..."
    [1] "Passively dispersing females stay in the cell of origin. Jumping to the next cell of origin..."
    [1] "Passively dispersing females stay in the cell of origin. Jumping to the next cell of origin..."
    [1] "Passively dispersing females stay in the cell of origin. Jumping to the next cell of origin..."
    [1] "Passively dispersing females stay in the cell of origin. Jumping to the next cell of origin..."
    [1] "Passively dispersing females stay in the cell of origin. Jumping to the next cell of origin..."
    [1] "Passively dispersing females stay in the cell of origin. Jumping to the next cell of origin..."
    [1] "Passively dispersing females stay in the cell of origin. Jumping to the next cell of origin..."
    [1] "Passively dispersing females stay in the cell of origin. Jumping to the next cell of origin..."
    [1] "Passively dispersing females stay in the cell of origin. Jumping to the next cell of origin..."
    [1] "Passively dispersing females stay in the cell of origin. Jumping to the next cell of origin..."
    [1] "Passively dispersing females stay in the cell of origin. Jumping to the next cell of origin..."
    
    2000-07-22. Day 50-- of iteration 1 has ended. Population is e: 472963 i: 295772 a: 11312 d: 16 eh: 85783 el: 141696
    Max t: 32.067
    
    [1] "Laying diapausing eggs"
    [1] "Passively dispersing females stay in the cell of origin. Jumping to the next cell of origin..."
    [1] "Passively dispersing females stay in the cell of origin. Jumping to the next cell of origin..."
    [1] "Passively dispersing females stay in the cell of origin. Jumping to the next cell of origin..."
    [1] "Passively dispersing females stay in the cell of origin. Jumping to the next cell of origin..."
    [1] "Passively dispersing females stay in the cell of origin. Jumping to the next cell of origin..."
    [1] "Passively dispersing females stay in the cell of origin. Jumping to the next cell of origin..."
    [1] "Passively dispersing females stay in the cell of origin. Jumping to the next cell of origin..."
    [1] "Passively dispersing females stay in the cell of origin. Jumping to the next cell of origin..."
    [1] "Passively dispersing females stay in the cell of origin. Jumping to the next cell of origin..."
    [1] "Passively dispersing females stay in the cell of origin. Jumping to the next cell of origin..."
    [1] "Passively dispersing females stay in the cell of origin. Jumping to the next cell of origin..."
    [1] "Passively dispersing females stay in the cell of origin. Jumping to the next cell of origin..."
    [1] "Passively dispersing females stay in the cell of origin. Jumping to the next cell of origin..."
    [1] "Passively dispersing females stay in the cell of origin. Jumping to the next cell of origin..."
    [1] "Passively dispersing females stay in the cell of origin. Jumping to the next cell of origin..."
    
    2000-07-23. Day 51-- of iteration 1 has ended. Population is e: 498698 i: 358655 a: 14371 d: 22 eh: 106309 el: 136692
    Max t: 30.76
    
    [1] "Laying diapausing eggs"
    [1] "Passively dispersing females stay in the cell of origin. Jumping to the next cell of origin..."
    [1] "Passively dispersing females stay in the cell of origin. Jumping to the next cell of origin..."
    [1] "Passively dispersing females stay in the cell of origin. Jumping to the next cell of origin..."
    [1] "Passively dispersing females stay in the cell of origin. Jumping to the next cell of origin..."
    [1] "Passively dispersing females stay in the cell of origin. Jumping to the next cell of origin..."
    [1] "Passively dispersing females stay in the cell of origin. Jumping to the next cell of origin..."
    [1] "Passively dispersing females stay in the cell of origin. Jumping to the next cell of origin..."
    [1] "Passively dispersing females stay in the cell of origin. Jumping to the next cell of origin..."
    [1] "Passively dispersing females stay in the cell of origin. Jumping to the next cell of origin..."
    [1] "Passively dispersing females stay in the cell of origin. Jumping to the next cell of origin..."
    [1] "Passively dispersing females stay in the cell of origin. Jumping to the next cell of origin..."
    [1] "Passively dispersing females stay in the cell of origin. Jumping to the next cell of origin..."
    [1] "Passively dispersing females stay in the cell of origin. Jumping to the next cell of origin..."
    [1] "Passively dispersing females stay in the cell of origin. Jumping to the next cell of origin..."
    [1] "Passively dispersing females stay in the cell of origin. Jumping to the next cell of origin..."
    
    2000-07-24. Day 52-- of iteration 1 has ended. Population is e: 353565 i: 179910 a: 12390 d: 21 eh: 18545 el: 107815
    Max t: 37.873
    
    [1] "Laying diapausing eggs"
    [1] "Passively dispersing females stay in the cell of origin. Jumping to the next cell of origin..."
    [1] "Passively dispersing females stay in the cell of origin. Jumping to the next cell of origin..."
    [1] "Passively dispersing females stay in the cell of origin. Jumping to the next cell of origin..."
    [1] "Passively dispersing females stay in the cell of origin. Jumping to the next cell of origin..."
    [1] "Passively dispersing females stay in the cell of origin. Jumping to the next cell of origin..."
    [1] "Passively dispersing females stay in the cell of origin. Jumping to the next cell of origin..."
    [1] "Passively dispersing females stay in the cell of origin. Jumping to the next cell of origin..."
    [1] "Passively dispersing females stay in the cell of origin. Jumping to the next cell of origin..."
    [1] "Passively dispersing females stay in the cell of origin. Jumping to the next cell of origin..."
    [1] "Passively dispersing females stay in the cell of origin. Jumping to the next cell of origin..."
    [1] "Passively dispersing females stay in the cell of origin. Jumping to the next cell of origin..."
    [1] "Passively dispersing females stay in the cell of origin. Jumping to the next cell of origin..."
    [1] "Passively dispersing females stay in the cell of origin. Jumping to the next cell of origin..."
    [1] "Passively dispersing females stay in the cell of origin. Jumping to the next cell of origin..."
    [1] "Passively dispersing females stay in the cell of origin. Jumping to the next cell of origin..."
    
    2000-07-25. Day 53-- of iteration 1 has ended. Population is e: 354577 i: 147485 a: 13784 d: 12 eh: 34812 el: 122981
    Max t: 35.892
    
    [1] "Laying diapausing eggs"
    [1] "Passively dispersing females stay in the cell of origin. Jumping to the next cell of origin..."
    [1] "Passively dispersing females stay in the cell of origin. Jumping to the next cell of origin..."
    [1] "Passively dispersing females stay in the cell of origin. Jumping to the next cell of origin..."
    [1] "Passively dispersing females stay in the cell of origin. Jumping to the next cell of origin..."
    [1] "Passively dispersing females stay in the cell of origin. Jumping to the next cell of origin..."
    [1] "Passively dispersing females stay in the cell of origin. Jumping to the next cell of origin..."
    [1] "Passively dispersing females stay in the cell of origin. Jumping to the next cell of origin..."
    [1] "Passively dispersing females stay in the cell of origin. Jumping to the next cell of origin..."
    [1] "Passively dispersing females stay in the cell of origin. Jumping to the next cell of origin..."
    [1] "Passively dispersing females stay in the cell of origin. Jumping to the next cell of origin..."
    [1] "Passively dispersing females stay in the cell of origin. Jumping to the next cell of origin..."
    [1] "Passively dispersing females stay in the cell of origin. Jumping to the next cell of origin..."
    [1] "Passively dispersing females stay in the cell of origin. Jumping to the next cell of origin..."
    [1] "Passively dispersing females stay in the cell of origin. Jumping to the next cell of origin..."
    [1] "Passively dispersing females stay in the cell of origin. Jumping to the next cell of origin..."
    [1] "Passively dispersing females stay in the cell of origin. Jumping to the next cell of origin..."
    [1] "Passively dispersing females stay in the cell of origin. Jumping to the next cell of origin..."
    [1] "Passively dispersing females stay in the cell of origin. Jumping to the next cell of origin..."
    
    2000-07-26. Day 54-- of iteration 1 has ended. Population is e: 407723 i: 182436 a: 15306 d: 24 eh: 61065 el: 156627
    Max t: 32.436
    
    [1] "Laying diapausing eggs"
    [1] "Passively dispersing females stay in the cell of origin. Jumping to the next cell of origin..."
    [1] "Passively dispersing females stay in the cell of origin. Jumping to the next cell of origin..."
    [1] "Passively dispersing females stay in the cell of origin. Jumping to the next cell of origin..."
    [1] "Passively dispersing females stay in the cell of origin. Jumping to the next cell of origin..."
    [1] "Passively dispersing females stay in the cell of origin. Jumping to the next cell of origin..."
    [1] "Passively dispersing females stay in the cell of origin. Jumping to the next cell of origin..."
    [1] "Passively dispersing females stay in the cell of origin. Jumping to the next cell of origin..."
    [1] "Passively dispersing females stay in the cell of origin. Jumping to the next cell of origin..."
    [1] "Passively dispersing females stay in the cell of origin. Jumping to the next cell of origin..."
    [1] "Passively dispersing females stay in the cell of origin. Jumping to the next cell of origin..."
    [1] "Passively dispersing females stay in the cell of origin. Jumping to the next cell of origin..."
    [1] "Passively dispersing females stay in the cell of origin. Jumping to the next cell of origin..."
    [1] "Passively dispersing females stay in the cell of origin. Jumping to the next cell of origin..."
    [1] "Passively dispersing females stay in the cell of origin. Jumping to the next cell of origin..."
    [1] "Passively dispersing females stay in the cell of origin. Jumping to the next cell of origin..."
    [1] "Passively dispersing females stay in the cell of origin. Jumping to the next cell of origin..."
    [1] "Passively dispersing females stay in the cell of origin. Jumping to the next cell of origin..."
    [1] "Passively dispersing females stay in the cell of origin. Jumping to the next cell of origin..."
    [1] "Passively dispersing females stay in the cell of origin. Jumping to the next cell of origin..."
    [1] "Passively dispersing females stay in the cell of origin. Jumping to the next cell of origin..."
    [1] "Passively dispersing females stay in the cell of origin. Jumping to the next cell of origin..."
    [1] "Passively dispersing females stay in the cell of origin. Jumping to the next cell of origin..."
    
    2000-07-27. Day 55-- of iteration 1 has ended. Population is e: 438339 i: 190279 a: 16985 d: 31 eh: 47995 el: 193991
    Max t: 34.053
    
    [1] "Laying diapausing eggs"
    [1] "Passively dispersing females stay in the cell of origin. Jumping to the next cell of origin..."
    [1] "Passively dispersing females stay in the cell of origin. Jumping to the next cell of origin..."
    [1] "Passively dispersing females stay in the cell of origin. Jumping to the next cell of origin..."
    [1] "Passively dispersing females stay in the cell of origin. Jumping to the next cell of origin..."
    [1] "Passively dispersing females stay in the cell of origin. Jumping to the next cell of origin..."
    [1] "Passively dispersing females stay in the cell of origin. Jumping to the next cell of origin..."
    [1] "Passively dispersing females stay in the cell of origin. Jumping to the next cell of origin..."
    [1] "Passively dispersing females stay in the cell of origin. Jumping to the next cell of origin..."
    [1] "Passively dispersing females stay in the cell of origin. Jumping to the next cell of origin..."
    [1] "Passively dispersing females stay in the cell of origin. Jumping to the next cell of origin..."
    [1] "Passively dispersing females stay in the cell of origin. Jumping to the next cell of origin..."
    [1] "Passively dispersing females stay in the cell of origin. Jumping to the next cell of origin..."
    [1] "Passively dispersing females stay in the cell of origin. Jumping to the next cell of origin..."
    [1] "Passively dispersing females stay in the cell of origin. Jumping to the next cell of origin..."
    [1] "Passively dispersing females stay in the cell of origin. Jumping to the next cell of origin..."
    [1] "Passively dispersing females stay in the cell of origin. Jumping to the next cell of origin..."
    [1] "Passively dispersing females stay in the cell of origin. Jumping to the next cell of origin..."
    [1] "Passively dispersing females stay in the cell of origin. Jumping to the next cell of origin..."
    [1] "Passively dispersing females stay in the cell of origin. Jumping to the next cell of origin..."
    [1] "Passively dispersing females stay in the cell of origin. Jumping to the next cell of origin..."
    [1] "Passively dispersing females stay in the cell of origin. Jumping to the next cell of origin..."
    [1] "Passively dispersing females stay in the cell of origin. Jumping to the next cell of origin..."
    
    2000-07-28. Day 56-- of iteration 1 has ended. Population is e: 543037 i: 227426 a: 19942 d: 49 eh: 70929 el: 192626
    Max t: 31.907
    
    [1] "Laying diapausing eggs"
    [1] "Passively dispersing females stay in the cell of origin. Jumping to the next cell of origin..."
    [1] "Passively dispersing females stay in the cell of origin. Jumping to the next cell of origin..."
    [1] "Passively dispersing females stay in the cell of origin. Jumping to the next cell of origin..."
    [1] "Passively dispersing females stay in the cell of origin. Jumping to the next cell of origin..."
    [1] "Passively dispersing females stay in the cell of origin. Jumping to the next cell of origin..."
    [1] "Passively dispersing females stay in the cell of origin. Jumping to the next cell of origin..."
    [1] "Passively dispersing females stay in the cell of origin. Jumping to the next cell of origin..."
    [1] "Passively dispersing females stay in the cell of origin. Jumping to the next cell of origin..."
    [1] "Passively dispersing females stay in the cell of origin. Jumping to the next cell of origin..."
    [1] "Passively dispersing females stay in the cell of origin. Jumping to the next cell of origin..."
    [1] "Passively dispersing females stay in the cell of origin. Jumping to the next cell of origin..."
    [1] "Passively dispersing females stay in the cell of origin. Jumping to the next cell of origin..."
    [1] "Passively dispersing females stay in the cell of origin. Jumping to the next cell of origin..."
    [1] "Passively dispersing females stay in the cell of origin. Jumping to the next cell of origin..."
    [1] "Passively dispersing females stay in the cell of origin. Jumping to the next cell of origin..."
    [1] "Passively dispersing females stay in the cell of origin. Jumping to the next cell of origin..."
    [1] "Passively dispersing females stay in the cell of origin. Jumping to the next cell of origin..."
    [1] "Passively dispersing females stay in the cell of origin. Jumping to the next cell of origin..."
    
    2000-07-29. Day 57-- of iteration 1 has ended. Population is e: 615673 i: 264896 a: 23324 d: 81 eh: 74741 el: 216932
    Max t: 31.662
    
    [1] "Laying diapausing eggs"
    [1] "Passively dispersing females stay in the cell of origin. Jumping to the next cell of origin..."
    [1] "Passively dispersing females stay in the cell of origin. Jumping to the next cell of origin..."
    [1] "Passively dispersing females stay in the cell of origin. Jumping to the next cell of origin..."
    [1] "Passively dispersing females stay in the cell of origin. Jumping to the next cell of origin..."
    [1] "Passively dispersing females stay in the cell of origin. Jumping to the next cell of origin..."
    [1] "Passively dispersing females stay in the cell of origin. Jumping to the next cell of origin..."
    [1] "Passively dispersing females stay in the cell of origin. Jumping to the next cell of origin..."
    [1] "Passively dispersing females stay in the cell of origin. Jumping to the next cell of origin..."
    [1] "Passively dispersing females stay in the cell of origin. Jumping to the next cell of origin..."
    [1] "Passively dispersing females stay in the cell of origin. Jumping to the next cell of origin..."
    [1] "Passively dispersing females stay in the cell of origin. Jumping to the next cell of origin..."
    [1] "Passively dispersing females stay in the cell of origin. Jumping to the next cell of origin..."
    [1] "Passively dispersing females stay in the cell of origin. Jumping to the next cell of origin..."
    [1] "Passively dispersing females stay in the cell of origin. Jumping to the next cell of origin..."
    [1] "Passively dispersing females stay in the cell of origin. Jumping to the next cell of origin..."
    [1] "Passively dispersing females stay in the cell of origin. Jumping to the next cell of origin..."
    [1] "Passively dispersing females stay in the cell of origin. Jumping to the next cell of origin..."
    [1] "Passively dispersing females stay in the cell of origin. Jumping to the next cell of origin..."
    [1] "Passively dispersing females stay in the cell of origin. Jumping to the next cell of origin..."
    [1] "Passively dispersing females stay in the cell of origin. Jumping to the next cell of origin..."
    [1] "Passively dispersing females stay in the cell of origin. Jumping to the next cell of origin..."
    [1] "Passively dispersing females stay in the cell of origin. Jumping to the next cell of origin..."
    [1] "Passively dispersing females stay in the cell of origin. Jumping to the next cell of origin..."
    
    2000-07-30. Day 58-- of iteration 1 has ended. Population is e: 710603 i: 329299 a: 22964 d: 103 eh: 100380 el: 276302
    Max t: 30.879
    
    [1] "Laying diapausing eggs"
    [1] "Passively dispersing females stay in the cell of origin. Jumping to the next cell of origin..."
    [1] "Passively dispersing females stay in the cell of origin. Jumping to the next cell of origin..."
    [1] "Passively dispersing females stay in the cell of origin. Jumping to the next cell of origin..."
    [1] "Passively dispersing females stay in the cell of origin. Jumping to the next cell of origin..."
    [1] "Passively dispersing females stay in the cell of origin. Jumping to the next cell of origin..."
    [1] "Passively dispersing females stay in the cell of origin. Jumping to the next cell of origin..."
    [1] "Passively dispersing females stay in the cell of origin. Jumping to the next cell of origin..."
    [1] "Passively dispersing females stay in the cell of origin. Jumping to the next cell of origin..."
    [1] "Passively dispersing females stay in the cell of origin. Jumping to the next cell of origin..."
    [1] "Passively dispersing females stay in the cell of origin. Jumping to the next cell of origin..."
    [1] "Passively dispersing females stay in the cell of origin. Jumping to the next cell of origin..."
    [1] "Passively dispersing females stay in the cell of origin. Jumping to the next cell of origin..."
    [1] "Passively dispersing females stay in the cell of origin. Jumping to the next cell of origin..."
    [1] "Passively dispersing females stay in the cell of origin. Jumping to the next cell of origin..."
    [1] "Passively dispersing females stay in the cell of origin. Jumping to the next cell of origin..."
    [1] "Passively dispersing females stay in the cell of origin. Jumping to the next cell of origin..."
    [1] "Passively dispersing females stay in the cell of origin. Jumping to the next cell of origin..."
    [1] "Passively dispersing females stay in the cell of origin. Jumping to the next cell of origin..."
    [1] "Passively dispersing females stay in the cell of origin. Jumping to the next cell of origin..."
    [1] "Passively dispersing females stay in the cell of origin. Jumping to the next cell of origin..."
    [1] "Passively dispersing females stay in the cell of origin. Jumping to the next cell of origin..."
    [1] "Passively dispersing females stay in the cell of origin. Jumping to the next cell of origin..."
    
    2000-07-31. Day 59-- of iteration 1 has ended. Population is e: 829595 i: 400039 a: 22999 d: 152 eh: 120889 el: 311595
    Max t: 31.17
    
    [1] "Laying diapausing eggs"
    [1] "Passively dispersing females stay in the cell of origin. Jumping to the next cell of origin..."
    [1] "Passively dispersing females stay in the cell of origin. Jumping to the next cell of origin..."
    [1] "Passively dispersing females stay in the cell of origin. Jumping to the next cell of origin..."
    [1] "Passively dispersing females stay in the cell of origin. Jumping to the next cell of origin..."
    [1] "Passively dispersing females stay in the cell of origin. Jumping to the next cell of origin..."
    [1] "Passively dispersing females stay in the cell of origin. Jumping to the next cell of origin..."
    [1] "Passively dispersing females stay in the cell of origin. Jumping to the next cell of origin..."
    [1] "Passively dispersing females stay in the cell of origin. Jumping to the next cell of origin..."
    [1] "Passively dispersing females stay in the cell of origin. Jumping to the next cell of origin..."
    [1] "Passively dispersing females stay in the cell of origin. Jumping to the next cell of origin..."
    [1] "Passively dispersing females stay in the cell of origin. Jumping to the next cell of origin..."
    [1] "Passively dispersing females stay in the cell of origin. Jumping to the next cell of origin..."
    [1] "Passively dispersing females stay in the cell of origin. Jumping to the next cell of origin..."
    [1] "Passively dispersing females stay in the cell of origin. Jumping to the next cell of origin..."
    [1] "Passively dispersing females stay in the cell of origin. Jumping to the next cell of origin..."
    [1] "Passively dispersing females stay in the cell of origin. Jumping to the next cell of origin..."
    [1] "Passively dispersing females stay in the cell of origin. Jumping to the next cell of origin..."
    [1] "Passively dispersing females stay in the cell of origin. Jumping to the next cell of origin..."
    [1] "Passively dispersing females stay in the cell of origin. Jumping to the next cell of origin..."
    [1] "Passively dispersing females stay in the cell of origin. Jumping to the next cell of origin..."
    [1] "Passively dispersing females stay in the cell of origin. Jumping to the next cell of origin..."
    
    2000-08-01. Day 60-- of iteration 1 has ended. Population is e: 802256 i: 312157 a: 22243 d: 138 eh: 56318 el: 271448
    Max t: 35.822
    
    
    
    
    ########################################
    ## Iterations concluded. ##
    ########################################
    
    
    
    --- finished re-building 'dynamAedes_local.Rmd'
    
    --- re-building 'dynamAedes_punctual.Rmd' using rmarkdown
    Loading required package: spatstat
    Loading required package: spatstat.data
    Loading required package: spatstat.geom
    spatstat.geom 2.4-0
    Loading required package: spatstat.random
    spatstat.random 2.2-0
    Loading required package: spatstat.core
    Loading required package: nlme
    Loading required package: rpart
    spatstat.core 2.4-4
    Loading required package: spatstat.linnet
    spatstat.linnet 2.3-2
    
    spatstat 2.3-4 (nickname: 'Watch this space')
    For an introduction to spatstat, type 'beginner'
    
    Loading required package: sp
    Loading required package: gstat
    
    Attaching package: 'gstat'
    
    The following object is masked from 'package:spatstat.core':
    
     idw
    
    Loading required package: parallel
    Loading required package: eesim
    Loading required package: tidyverse
    -- Attaching packages --------------------------------------- tidyverse 1.3.2 --
    v ggplot2 3.3.6 v purrr 0.3.4
    v tibble 3.1.8 v dplyr 1.0.10
    v tidyr 1.2.1 v stringr 1.4.1
    v readr 2.1.3 v forcats 0.5.2
    -- Conflicts ------------------------------------------ tidyverse_conflicts() --
    x dplyr::collapse() masks nlme::collapse()
    x dplyr::filter() masks stats::filter()
    x dplyr::lag() masks stats::lag()
    Loading required package: geosphere
    
    Attaching package: 'geosphere'
    
    The following object is masked from 'package:spatstat.geom':
    
     perimeter
    
    Loading required package: rgeos
    rgeos version: 0.5-9, (SVN revision 684)
     GEOS runtime version: 3.9.1-CAPI-1.14.2
     Please note that rgeos will be retired by the end of 2023,
    plan transition to sf functions using GEOS at your earliest convenience.
     GEOS using OverlayNG
     Linking to sp version: 1.5-0
     Polygon checking: TRUE
    
    Loading required package: dynamAedes
    Loading required package: raster
    
    Attaching package: 'raster'
    
    The following object is masked from 'package:dplyr':
    
     select
    
    The following object is masked from 'package:nlme':
    
     getData
    
    Warning in Sys.setlocale("LC_TIME", "en_GB.UTF-8") :
     OS reports request to set locale to "en_GB.UTF-8" cannot be honored
    Warning in max(cells.coords[, 2]) :
     no non-missing arguments to max; returning -Inf
    
     ### Model without dispersal ###
    
    starting worker pid=54184 on localhost:11617 at 15:08:32.767
    ##########################################
    ## Life cycle iterations have begun... ##
    ##########################################
    Loading required package: dynamAedes
    Loading required package: raster
    Loading required package: sp
    loaded dynamAedes and set parent environment
    
     |
     |%%%%%%%%%%%%%%%%%%%%%%%%%%%%%%%%%%%%%%%%%%%%%%%%%%%%%%%%%%%%%%%%%%%%%%| 100%
    
    
    ########################################
    ## Iterations concluded. ##
    ########################################
    
    
    
    --- finished re-building 'dynamAedes_punctual.Rmd'
    
    --- re-building 'dynamAedes_regional.Rmd' using rmarkdown
    Loading required package: spatstat
    Loading required package: spatstat.data
    Loading required package: spatstat.geom
    spatstat.geom 2.4-0
    Loading required package: spatstat.random
    spatstat.random 2.2-0
    Loading required package: spatstat.core
    Loading required package: nlme
    Loading required package: rpart
    spatstat.core 2.4-4
    Loading required package: spatstat.linnet
    spatstat.linnet 2.3-2
    
    spatstat 2.3-4 (nickname: 'Watch this space')
    For an introduction to spatstat, type 'beginner'
    
    Loading required package: sp
    Loading required package: gstat
    
    Attaching package: 'gstat'
    
    The following object is masked from 'package:spatstat.core':
    
     idw
    
    Loading required package: parallel
    Loading required package: eesim
    Loading required package: tidyverse
    -- Attaching packages --------------------------------------- tidyverse 1.3.2 --
    v ggplot2 3.3.6 v purrr 0.3.4
    v tibble 3.1.8 v dplyr 1.0.10
    v tidyr 1.2.1 v stringr 1.4.1
    v readr 2.1.3 v forcats 0.5.2
    -- Conflicts ------------------------------------------ tidyverse_conflicts() --
    x dplyr::collapse() masks nlme::collapse()
    x dplyr::filter() masks stats::filter()
    x dplyr::lag() masks stats::lag()
    Loading required package: geosphere
    
    Attaching package: 'geosphere'
    
    The following object is masked from 'package:spatstat.geom':
    
     perimeter
    
    Loading required package: rgeos
    rgeos version: 0.5-9, (SVN revision 684)
     GEOS runtime version: 3.9.1-CAPI-1.14.2
     Please note that rgeos will be retired by the end of 2023,
    plan transition to sf functions using GEOS at your earliest convenience.
     GEOS using OverlayNG
     Linking to sp version: 1.5-0
     Polygon checking: TRUE
    
    Loading required package: dynamAedes
    Loading required package: raster
    
    Attaching package: 'raster'
    
    The following object is masked from 'package:dplyr':
    
     select
    
    The following object is masked from 'package:nlme':
    
     getData
    
    Warning in Sys.setlocale("LC_TIME", "en_GB.UTF-8") :
     OS reports request to set locale to "en_GB.UTF-8" cannot be honored
    inside
    Quitting from lines 182-196 (dynamAedes_regional.Rmd)
    Error: processing vignette 'dynamAedes_regional.Rmd' failed with diagnostics:
    error in evaluating the argument 'obj' in selecting a method for function 'coordinates': package rgdal is required for spTransform methods
    --- failed re-building 'dynamAedes_regional.Rmd'
    
    SUMMARY: processing the following file failed:
     'dynamAedes_regional.Rmd'
    
    Error: Vignette re-building failed.
    Execution halted
Flavor: r-oldrel-windows-ix86+x86_64