Last updated on 2024-08-31 23:49:02 CEST.
Flavor | Version | Tinstall | Tcheck | Ttotal | Status | Flags |
---|---|---|---|---|---|---|
r-devel-linux-x86_64-debian-clang | 1.1.0 | 6.77 | 57.41 | 64.18 | NOTE | |
r-devel-linux-x86_64-debian-gcc | 1.1.0 | 5.03 | 41.52 | 46.55 | NOTE | |
r-devel-linux-x86_64-fedora-clang | 1.1.0 | 100.37 | OK | |||
r-devel-linux-x86_64-fedora-gcc | 1.1.0 | 107.18 | OK | |||
r-devel-windows-x86_64 | 1.1.0 | 8.00 | 68.00 | 76.00 | NOTE | |
r-patched-linux-x86_64 | 1.1.0 | 12.55 | 52.12 | 64.67 | OK | |
r-release-linux-x86_64 | 1.1.0 | 6.00 | 52.27 | 58.27 | OK | |
r-release-macos-arm64 | 1.1.0 | 38.00 | OK | |||
r-release-macos-x86_64 | 1.1.0 | 54.00 | OK | |||
r-release-windows-x86_64 | 1.1.0 | 8.00 | 70.00 | 78.00 | OK | |
r-oldrel-macos-arm64 | 1.1.0 | 40.00 | OK | |||
r-oldrel-macos-x86_64 | 1.1.0 | 52.00 | OK | |||
r-oldrel-windows-x86_64 | 1.1.0 | 12.00 | 80.00 | 92.00 | OK |
Version: 1.1.0
Check: Rd cross-references
Result: NOTE
Found the following Rd file(s) with Rd \link{} targets missing package
anchors:
cfaHB.Rd: lavaan, cfa, model.syntax
cfaOne.Rd: lavaan, cfa, model.syntax
equivTest.Rd: lavaan
exactFit.Rd: lavaan, cfa, model.syntax
Please provide package anchors for all Rd \link{} targets not in the
package itself and the base packages.
Flavors: r-devel-linux-x86_64-debian-clang, r-devel-linux-x86_64-debian-gcc, r-devel-windows-x86_64