CRAN Package Check Results for Package dynfeature

Last updated on 2021-10-20 11:52:44 CEST.

Flavor Version Tinstall Tcheck Ttotal Status Flags
r-devel-linux-x86_64-debian-clang 1.0.0 10.32 314.07 324.39 OK
r-devel-linux-x86_64-debian-gcc 1.0.0 8.35 214.25 222.60 OK
r-devel-linux-x86_64-fedora-clang 1.0.0 371.13 NOTE
r-devel-linux-x86_64-fedora-gcc 1.0.0 349.64 NOTE
r-devel-windows-x86_64 1.0.0 18.00 332.00 350.00 OK
r-devel-windows-x86_64-gcc10-UCRT 1.0.0 NOTE
r-patched-linux-x86_64 1.0.0 10.20 260.76 270.96 OK
r-patched-solaris-x86 1.0.0 624.40 NOTE
r-release-linux-x86_64 1.0.0 10.20 276.88 287.08 OK
r-release-macos-arm64 1.0.0 NOTE
r-release-macos-x86_64 1.0.0 NOTE
r-release-windows-ix86+x86_64 1.0.0 28.00 330.00 358.00 OK
r-oldrel-macos-x86_64 1.0.0 NOTE
r-oldrel-windows-ix86+x86_64 1.0.0 28.00 371.00 399.00 OK

Check Details

Version: 1.0.0
Check: dependencies in R code
Result: NOTE
    Namespace in Imports field not imported from: ‘magrittr’
     All declared Imports should be used.
Flavors: r-devel-linux-x86_64-fedora-clang, r-devel-linux-x86_64-fedora-gcc, r-devel-windows-x86_64-gcc10-UCRT, r-patched-solaris-x86, r-release-macos-arm64, r-release-macos-x86_64, r-oldrel-macos-x86_64