Last updated on 2023-11-28 11:50:34 CET.
Flavor | Version | Tinstall | Tcheck | Ttotal | Status | Flags |
---|---|---|---|---|---|---|
r-devel-linux-x86_64-debian-clang | 1.0.5 | 25.25 | 263.35 | 288.60 | NOTE | |
r-devel-linux-x86_64-debian-gcc | 1.0.5 | 19.77 | 184.73 | 204.50 | NOTE | |
r-devel-linux-x86_64-fedora-clang | 1.0.5 | 353.37 | OK | |||
r-devel-linux-x86_64-fedora-gcc | 1.0.5 | 343.11 | OK | |||
r-devel-windows-x86_64 | 1.0.5 | 20.00 | 201.00 | 221.00 | OK | |
r-patched-linux-x86_64 | 1.0.5 | 24.17 | 238.80 | 262.97 | OK | |
r-release-linux-x86_64 | 1.0.5 | 14.78 | 242.88 | 257.66 | OK | |
r-release-macos-arm64 | 1.0.5 | 110.00 | OK | |||
r-release-macos-x86_64 | 1.0.5 | 181.00 | OK | |||
r-release-windows-x86_64 | 1.0.5 | 28.00 | 259.00 | 287.00 | OK | |
r-oldrel-macos-arm64 | 1.0.5 | 103.00 | OK | |||
r-oldrel-macos-x86_64 | 1.0.5 | 131.00 | OK | |||
r-oldrel-windows-x86_64 | 1.0.5 | 29.00 | 251.00 | 280.00 | OK |
Version: 1.0.5
Check: Rd files
Result: NOTE
checkRd: (-1) generate_kinetics.Rd:57: Lost braces; missing escapes or markup?
57 | By default, sampled from {-1, 1} with probabilities {.25, .75}.
| ^
checkRd: (-1) generate_kinetics.Rd:57: Lost braces; missing escapes or markup?
57 | By default, sampled from {-1, 1} with probabilities {.25, .75}.
| ^
Flavors: r-devel-linux-x86_64-debian-clang, r-devel-linux-x86_64-debian-gcc