CRAN Package Check Results for Package dynparam

Last updated on 2021-12-08 23:49:15 CET.

Flavor Version Tinstall Tcheck Ttotal Status Flags
r-devel-linux-x86_64-debian-clang 1.0.2 10.50 104.48 114.98 NOTE
r-devel-linux-x86_64-debian-gcc 1.0.2 8.63 79.63 88.26 NOTE
r-devel-linux-x86_64-fedora-clang 1.0.2 140.36 NOTE
r-devel-linux-x86_64-fedora-gcc 1.0.2 126.72 NOTE
r-devel-windows-x86_64-new-UL 1.0.2 21.00 136.00 157.00 NOTE
r-devel-windows-x86_64-new-TK 1.0.2 NOTE
r-devel-windows-x86_64-old 1.0.2 16.00 123.00 139.00 NOTE
r-patched-linux-x86_64 1.0.2 10.83 98.91 109.74 NOTE
r-release-linux-x86_64 1.0.2 8.97 99.52 108.49 NOTE
r-release-macos-arm64 1.0.2 NOTE
r-release-macos-x86_64 1.0.2 NOTE
r-release-windows-ix86+x86_64 1.0.2 16.00 119.00 135.00 NOTE
r-oldrel-macos-x86_64 1.0.2 OK
r-oldrel-windows-ix86+x86_64 1.0.2 24.00 117.00 141.00 OK

Check Details

Version: 1.0.2
Check: LazyData
Result: NOTE
     'LazyData' is specified without a 'data' directory
Flavors: r-devel-linux-x86_64-debian-clang, r-devel-linux-x86_64-debian-gcc, r-devel-linux-x86_64-fedora-clang, r-devel-linux-x86_64-fedora-gcc, r-devel-windows-x86_64-new-UL, r-devel-windows-x86_64-new-TK, r-devel-windows-x86_64-old, r-patched-linux-x86_64, r-release-linux-x86_64, r-release-macos-arm64, r-release-macos-x86_64, r-release-windows-ix86+x86_64