Last updated on 2023-04-01 23:53:02 CEST.
Flavor | Version | Tinstall | Tcheck | Ttotal | Status | Flags |
---|---|---|---|---|---|---|
r-devel-linux-x86_64-debian-clang | 0.1.16-91 | 38.33 | 239.71 | 278.04 | OK | |
r-devel-linux-x86_64-debian-gcc | 0.1.16-91 | 28.27 | 181.90 | 210.17 | OK | |
r-devel-linux-x86_64-fedora-clang | 0.1.16-91 | 348.32 | NOTE | |||
r-devel-linux-x86_64-fedora-gcc | 0.1.16-91 | 347.30 | OK | |||
r-devel-windows-x86_64 | 0.1.16-91 | 83.00 | 328.00 | 411.00 | NOTE | |
r-patched-linux-x86_64 | 0.1.16-91 | 41.80 | 224.32 | 266.12 | OK | |
r-release-linux-x86_64 | 0.1.16-91 | 32.37 | 229.59 | 261.96 | OK | |
r-release-macos-arm64 | 0.1.16-91 | 85.00 | NOTE | |||
r-release-macos-x86_64 | 0.1.16-91 | 123.00 | NOTE | |||
r-release-windows-x86_64 | 0.1.16-91 | 144.00 | 359.00 | 503.00 | NOTE | |
r-oldrel-macos-arm64 | 0.1.16-91 | 95.00 | NOTE | |||
r-oldrel-macos-x86_64 | 0.1.16-91 | 123.00 | NOTE | |||
r-oldrel-windows-ix86+x86_64 | 0.1.16-91 | 96.00 | 314.00 | 410.00 | NOTE |
Version: 0.1.16-91
Check: installed package size
Result: NOTE
installed size is 5.4Mb
sub-directories of 1Mb or more:
data 2.5Mb
doc 1.5Mb
Flavors: r-devel-linux-x86_64-fedora-clang, r-devel-windows-x86_64, r-release-macos-arm64, r-release-macos-x86_64, r-release-windows-x86_64, r-oldrel-macos-arm64, r-oldrel-macos-x86_64, r-oldrel-windows-ix86+x86_64