CRAN Package Check Results for Package dynwrap

Last updated on 2021-10-15 23:50:26 CEST.

Flavor Version Tinstall Tcheck Ttotal Status Flags
r-devel-linux-x86_64-debian-clang 1.2.2 15.22 228.40 243.62 OK
r-devel-linux-x86_64-debian-gcc 1.2.2 12.26 170.55 182.81 OK
r-devel-linux-x86_64-fedora-clang 1.2.2 320.45 OK
r-devel-linux-x86_64-fedora-gcc 1.2.2 309.87 OK
r-devel-windows-x86_64 1.2.2 29.00 231.00 260.00 OK
r-devel-windows-x86_64-gcc10-UCRT 1.2.2 OK
r-patched-linux-x86_64 1.2.2 15.49 230.51 246.00 OK
r-patched-solaris-x86 1.2.2 449.70 OK
r-release-linux-x86_64 1.2.2 16.22 226.46 242.68 OK
r-release-macos-arm64 1.2.2 NOTE
r-release-macos-x86_64 1.2.2 NOTE
r-release-windows-ix86+x86_64 1.2.2 35.00 329.00 364.00 OK
r-oldrel-macos-x86_64 1.2.2 OK
r-oldrel-windows-ix86+x86_64 1.2.2 37.00 329.00 366.00 OK

Check Details

Version: 1.2.2
Check: package dependencies
Result: NOTE
    Package suggested but not available for checking: ‘hdf5r’
Flavors: r-release-macos-arm64, r-release-macos-x86_64