Last updated on 2024-04-23 17:49:31 CEST.
Flavor | Version | Tinstall | Tcheck | Ttotal | Status | Flags |
---|---|---|---|---|---|---|
r-devel-linux-x86_64-debian-clang | 0.4.2 | 12.89 | 97.97 | 110.86 | NOTE | |
r-devel-linux-x86_64-debian-gcc | 0.4.2 | 9.15 | 68.72 | 77.87 | NOTE | |
r-devel-linux-x86_64-fedora-clang | 0.4.2 | 134.05 | NOTE | |||
r-devel-linux-x86_64-fedora-gcc | 0.4.2 | 126.66 | NOTE | |||
r-prerel-macos-arm64 | 0.4.2 | 36.00 | NOTE | |||
r-prerel-windows-x86_64 | 0.4.2 | 11.00 | 96.00 | 107.00 | NOTE | |
r-patched-linux-x86_64 | 0.4.2 | 10.49 | 93.82 | 104.31 | NOTE | |
r-release-linux-x86_64 | 0.4.2 | 11.99 | 93.97 | 105.96 | OK | |
r-release-macos-arm64 | 0.4.2 | 41.00 | OK | |||
r-release-macos-x86_64 | 0.4.2 | 64.00 | OK | |||
r-release-windows-x86_64 | 0.4.2 | 13.00 | 106.00 | 119.00 | OK | |
r-oldrel-macos-arm64 | 0.4.2 | 45.00 | OK | |||
r-oldrel-windows-x86_64 | 0.4.2 | 13.00 | 104.00 | 117.00 | OK |
Version: 0.4.2
Check: Rd files
Result: NOTE
checkRd: (-1) USA_state_N.Rd:10: Lost braces in \itemize; meant \describe ?
checkRd: (-1) USA_state_N.Rd:11: Lost braces in \itemize; meant \describe ?
checkRd: (-1) confirmed.Rd:10: Lost braces in \itemize; meant \describe ?
checkRd: (-1) confirmed.Rd:11: Lost braces in \itemize; meant \describe ?
checkRd: (-1) death.Rd:10: Lost braces in \itemize; meant \describe ?
checkRd: (-1) death.Rd:11: Lost braces in \itemize; meant \describe ?
checkRd: (-1) recovered.Rd:10: Lost braces in \itemize; meant \describe ?
checkRd: (-1) recovered.Rd:11: Lost braces in \itemize; meant \describe ?
Flavors: r-devel-linux-x86_64-debian-clang, r-devel-linux-x86_64-debian-gcc, r-devel-linux-x86_64-fedora-clang, r-devel-linux-x86_64-fedora-gcc, r-prerel-macos-arm64, r-prerel-windows-x86_64, r-patched-linux-x86_64