CRAN Package Check Results for Package earthtones

Last updated on 2024-04-12 17:56:59 CEST.

Flavor Version Tinstall Tcheck Ttotal Status Flags
r-devel-linux-x86_64-debian-clang 0.1.1 2.35 26.24 28.59 NOTE
r-devel-linux-x86_64-debian-gcc 0.1.1 1.72 18.93 20.65 NOTE
r-devel-linux-x86_64-fedora-clang 0.1.1 33.78 NOTE
r-devel-linux-x86_64-fedora-gcc 0.1.1 32.51 NOTE
r-devel-windows-x86_64 0.1.1 4.00 40.00 44.00 NOTE
r-patched-linux-x86_64 0.1.1 6.17 23.52 29.69 NOTE
r-release-linux-x86_64 0.1.1 1.81 24.11 25.92 NOTE
r-release-macos-arm64 0.1.1 18.00 NOTE
r-release-macos-x86_64 0.1.1 21.00 NOTE
r-release-windows-x86_64 0.1.1 3.00 39.00 42.00 NOTE
r-oldrel-macos-arm64 0.1.1 17.00 NOTE
r-oldrel-windows-x86_64 0.1.1 4.00 44.00 48.00 NOTE

Check Details

Version: 0.1.1
Check: LazyData
Result: NOTE 'LazyData' is specified without a 'data' directory Flavors: r-devel-linux-x86_64-debian-clang, r-devel-linux-x86_64-debian-gcc, r-devel-linux-x86_64-fedora-clang, r-devel-linux-x86_64-fedora-gcc, r-devel-windows-x86_64, r-patched-linux-x86_64, r-release-linux-x86_64, r-release-macos-arm64, r-release-macos-x86_64, r-release-windows-x86_64, r-oldrel-macos-arm64, r-oldrel-windows-x86_64