CRAN Package Check Results for Package earthtones

Last updated on 2023-05-30 17:56:35 CEST.

Flavor Version Tinstall Tcheck Ttotal Status Flags
r-devel-linux-x86_64-debian-clang 0.1.1 2.17 23.92 26.09 NOTE
r-devel-linux-x86_64-debian-gcc 0.1.1 1.75 19.10 20.85 NOTE
r-devel-linux-x86_64-fedora-clang 0.1.1 34.75 NOTE
r-devel-linux-x86_64-fedora-gcc 0.1.1 31.36 NOTE
r-devel-windows-x86_64 0.1.1 4.00 39.00 43.00 NOTE
r-patched-linux-x86_64 0.1.1 5.70 23.68 29.38 NOTE
r-release-linux-x86_64 0.1.1 2.15 23.39 25.54 NOTE
r-release-macos-arm64 0.1.1 18.00 NOTE
r-release-macos-x86_64 0.1.1 21.00 NOTE
r-release-windows-x86_64 0.1.1 5.00 41.00 46.00 NOTE
r-oldrel-macos-arm64 0.1.1 17.00 NOTE
r-oldrel-macos-x86_64 0.1.1 32.00 NOTE
r-oldrel-windows-x86_64 0.1.1 4.00 43.00 47.00 NOTE

Check Details

Version: 0.1.1
Check: LazyData
Result: NOTE
     'LazyData' is specified without a 'data' directory
Flavors: r-devel-linux-x86_64-debian-clang, r-devel-linux-x86_64-debian-gcc, r-devel-linux-x86_64-fedora-clang, r-devel-linux-x86_64-fedora-gcc, r-devel-windows-x86_64, r-patched-linux-x86_64, r-release-linux-x86_64, r-release-macos-arm64, r-release-macos-x86_64, r-release-windows-x86_64, r-oldrel-macos-arm64, r-oldrel-macos-x86_64, r-oldrel-windows-x86_64