Last updated on 2024-05-19 11:59:39 CEST.
Flavor | Version | Tinstall | Tcheck | Ttotal | Status | Flags |
---|---|---|---|---|---|---|
r-devel-linux-x86_64-debian-clang | 0.1.1 | 2.97 | 25.54 | 28.51 | NOTE | |
r-devel-linux-x86_64-debian-gcc | 0.1.1 | 2.72 | 19.13 | 21.85 | NOTE | |
r-devel-linux-x86_64-fedora-clang | 0.1.1 | 37.18 | NOTE | |||
r-devel-linux-x86_64-fedora-gcc | 0.1.1 | 38.46 | NOTE | |||
r-devel-windows-x86_64 | 0.1.1 | 4.00 | 35.00 | 39.00 | NOTE | |
r-patched-linux-x86_64 | 0.1.1 | 2.84 | 24.51 | 27.35 | NOTE | |
r-release-linux-x86_64 | 0.1.1 | 3.70 | 24.20 | 27.90 | NOTE | |
r-release-macos-arm64 | 0.1.1 | 15.00 | NOTE | |||
r-release-windows-x86_64 | 0.1.1 | 3.00 | 35.00 | 38.00 | NOTE | |
r-oldrel-macos-arm64 | 0.1.1 | 16.00 | NOTE | |||
r-oldrel-macos-x86_64 | 0.1.1 | 22.00 | NOTE | |||
r-oldrel-windows-x86_64 | 0.1.1 | 5.00 | 37.00 | 42.00 | NOTE |
Version: 0.1.1
Check: LazyData
Result: NOTE
'LazyData' is specified without a 'data' directory
Flavors: r-devel-linux-x86_64-debian-clang, r-devel-linux-x86_64-debian-gcc, r-devel-linux-x86_64-fedora-clang, r-devel-linux-x86_64-fedora-gcc, r-devel-windows-x86_64, r-patched-linux-x86_64, r-release-linux-x86_64, r-release-macos-arm64, r-release-windows-x86_64, r-oldrel-macos-arm64, r-oldrel-macos-x86_64, r-oldrel-windows-x86_64