Last updated on 2024-08-31 23:49:02 CEST.
Flavor | Version | Tinstall | Tcheck | Ttotal | Status | Flags |
---|---|---|---|---|---|---|
r-devel-linux-x86_64-debian-clang | 1.4 | 41.27 | 347.69 | 388.96 | OK | |
r-devel-linux-x86_64-debian-gcc | 1.4 | 33.42 | 250.63 | 284.05 | OK | |
r-devel-linux-x86_64-fedora-clang | 1.4 | 624.75 | OK | |||
r-devel-linux-x86_64-fedora-gcc | 1.4 | 617.03 | OK | |||
r-devel-windows-x86_64 | 1.4 | 7.00 | 5.00 | 12.00 | ERROR | |
r-patched-linux-x86_64 | 1.4 | 40.12 | 328.24 | 368.36 | OK | |
r-release-linux-x86_64 | 1.4 | 38.18 | 327.98 | 366.16 | OK | |
r-release-macos-arm64 | 1.4 | 179.00 | OK | |||
r-release-macos-x86_64 | 1.4 | 256.00 | OK | |||
r-release-windows-x86_64 | 1.4 | 40.00 | 292.00 | 332.00 | OK | |
r-oldrel-macos-arm64 | 1.4 | 168.00 | OK | |||
r-oldrel-macos-x86_64 | 1.4 | 345.00 | OK | |||
r-oldrel-windows-x86_64 | 1.4 | 55.00 | 414.00 | 469.00 | OK |
Version: 1.4
Check: whether package can be installed
Result: ERROR
Installation failed.
Flavor: r-devel-windows-x86_64