CRAN Package Check Results for Package easyPubMed

Last updated on 2021-06-20 05:48:22 CEST.

Flavor Version Tinstall Tcheck Ttotal Status Flags
r-devel-linux-x86_64-debian-clang 2.13 2.62 90.88 93.50 OK
r-devel-linux-x86_64-debian-gcc 2.13 2.17 74.87 77.04 OK
r-devel-linux-x86_64-fedora-clang 2.13 121.37 OK
r-devel-linux-x86_64-fedora-gcc 2.13 107.03 OK
r-devel-windows-x86_64 2.13 5.00 0.00 5.00 FAIL
r-devel-windows-x86_64-gcc10-UCRT 2.13 OK
r-patched-linux-x86_64 2.13 2.91 83.25 86.16 OK
r-patched-solaris-x86 2.13 171.70 OK --no-examples
r-release-linux-x86_64 2.13 2.72 84.88 87.60 OK
r-release-macos-arm64 2.13 OK
r-release-macos-x86_64 2.13 OK
r-release-windows-ix86+x86_64 2.13 6.00 0.00 6.00 FAIL
r-oldrel-macos-x86_64 2.13 OK
r-oldrel-windows-ix86+x86_64 2.13 6.00 0.00 6.00 FAIL

Check Details

Version: 2.13
Check: re-building of vignette outputs
Result: FAIL
    Check process probably crashed or hung up for 20 minutes ... killed
    Most likely this happened in the example checks (?),
    if not, ignore the following last lines of example output:
    > ### Title: Trim and Format Address Information
    > ### Aliases: trim_address
    >
    > ### ** Examples
    >
    > addr_string <- " 2 Dept of Urology, Feinberg School of Medicine,"
    > addr_string <- paste(addr_string, "Chicago, US; Dept of Mol Bio as well...")
    > print(addr_string)
    [1] " 2 Dept of Urology, Feinberg School of Medicine, Chicago, US; Dept of Mol Bio as well..."
    > print(trim_address(addr = addr_string))
    [1] "Dept of Urology, Feinberg School of Medicine, Chicago, US"
    >
    >
    >
    >
    > ### * <FOOTER>
    > ###
    > cleanEx()
    > options(digits = 7L)
    > base::cat("Time elapsed: ", proc.time() - base::get("ptime", pos = 'CheckExEnv'),"\n")
    Time elapsed: 3.74 0.3 487.63 NA NA
    > grDevices::dev.off()
    null device
     1
    > ###
    > ### Local variables: ***
    > ### mode: outline-minor ***
    > ### outline-regexp: "\\(> \\)?### [*]+" ***
    > ### End: ***
    > quit('no')
    ======== End of example output (where/before crash/hang up occured ?) ========
Flavor: r-devel-windows-x86_64

Version: 2.13
Check: re-building of vignette outputs
Result: FAIL
    Check process probably crashed or hung up for 20 minutes ... killed
    Most likely this happened in the example checks (?),
    if not, ignore the following last lines of example output:
    > ### Title: Trim and Format Address Information
    > ### Aliases: trim_address
    >
    > ### ** Examples
    >
    > addr_string <- " 2 Dept of Urology, Feinberg School of Medicine,"
    > addr_string <- paste(addr_string, "Chicago, US; Dept of Mol Bio as well...")
    > print(addr_string)
    [1] " 2 Dept of Urology, Feinberg School of Medicine, Chicago, US; Dept of Mol Bio as well..."
    > print(trim_address(addr = addr_string))
    [1] "Dept of Urology, Feinberg School of Medicine, Chicago, US"
    >
    >
    >
    >
    > ### * <FOOTER>
    > ###
    > cleanEx()
    > options(digits = 7L)
    > base::cat("Time elapsed: ", proc.time() - base::get("ptime", pos = 'CheckExEnv'),"\n")
    Time elapsed: 1.87 1.06 488.13 NA NA
    > grDevices::dev.off()
    null device
     1
    > ###
    > ### Local variables: ***
    > ### mode: outline-minor ***
    > ### outline-regexp: "\\(> \\)?### [*]+" ***
    > ### End: ***
    > quit('no')
    ======== End of example output (where/before crash/hang up occured ?) ========
Flavor: r-release-windows-ix86+x86_64

Version: 2.13
Check: re-building of vignette outputs
Result: FAIL
    Check process probably crashed or hung up for 20 minutes ... killed
    Most likely this happened in the example checks (?),
    if not, ignore the following last lines of example output:
    > ### Title: Trim and Format Address Information
    > ### Aliases: trim_address
    >
    > ### ** Examples
    >
    > addr_string <- " 2 Dept of Urology, Feinberg School of Medicine,"
    > addr_string <- paste(addr_string, "Chicago, US; Dept of Mol Bio as well...")
    > print(addr_string)
    [1] " 2 Dept of Urology, Feinberg School of Medicine, Chicago, US; Dept of Mol Bio as well..."
    > print(trim_address(addr = addr_string))
    [1] "Dept of Urology, Feinberg School of Medicine, Chicago, US"
    >
    >
    >
    >
    > ### * <FOOTER>
    > ###
    > cleanEx()
    > options(digits = 7L)
    > base::cat("Time elapsed: ", proc.time() - base::get("ptime", pos = 'CheckExEnv'),"\n")
    Time elapsed: 1.81 0.65 489.06 NA NA
    > grDevices::dev.off()
    null device
     1
    > ###
    > ### Local variables: ***
    > ### mode: outline-minor ***
    > ### outline-regexp: "\\(> \\)?### [*]+" ***
    > ### End: ***
    > quit('no')
    ======== End of example output (where/before crash/hang up occured ?) ========
Flavor: r-oldrel-windows-ix86+x86_64