CRAN Package Check Results for Package ech

Last updated on 2024-02-26 18:49:58 CET.

Flavor Version Tinstall Tcheck Ttotal Status Flags
r-devel-linux-x86_64-debian-clang 0.1.3 47.31 439.61 486.92 OK
r-devel-linux-x86_64-debian-gcc 0.1.3 41.34 323.01 364.35 OK
r-devel-linux-x86_64-fedora-clang 0.1.3 591.11 NOTE
r-devel-linux-x86_64-fedora-gcc 0.1.3 616.84 NOTE
r-devel-windows-x86_64 0.1.3 39.00 287.00 326.00 OK
r-patched-linux-x86_64 0.1.3 34.29 428.18 462.47 OK
r-release-linux-x86_64 0.1.3 31.81 415.30 447.11 OK
r-release-macos-arm64 0.1.3 130.00 OK
r-release-macos-x86_64 0.1.3 364.00 OK
r-release-windows-x86_64 0.1.3 50.00 392.00 442.00 OK
r-oldrel-macos-arm64 0.1.3 124.00 OK
r-oldrel-windows-x86_64 0.1.3 54.00 358.00 412.00 OK

Check Details

Version: 0.1.3
Check: data for non-ASCII characters
Result: NOTE Note: found 1281 marked UTF-8 strings Flavors: r-devel-linux-x86_64-fedora-clang, r-devel-linux-x86_64-fedora-gcc