Last updated on 2025-04-30 05:49:39 CEST.
Flavor | Version | Tinstall | Tcheck | Ttotal | Status | Flags |
---|---|---|---|---|---|---|
r-devel-linux-x86_64-debian-clang | 0.3.1 | 13.17 | 48.08 | 61.25 | NOTE | |
r-devel-linux-x86_64-debian-gcc | 0.3.1 | 8.74 | 33.60 | 42.34 | OK | |
r-devel-linux-x86_64-fedora-clang | 0.3.1 | 101.15 | OK | |||
r-devel-linux-x86_64-fedora-gcc | 0.3.1 | 97.73 | OK | |||
r-devel-windows-x86_64 | 0.3.1 | 16.00 | 83.00 | 99.00 | OK | |
r-patched-linux-x86_64 | 0.3.1 | 12.45 | 46.26 | 58.71 | OK | |
r-release-linux-x86_64 | 0.3.1 | 12.49 | 45.79 | 58.28 | OK | |
r-release-macos-arm64 | 0.3.1 | 29.00 | OK | |||
r-release-macos-x86_64 | 0.3.1 | 54.00 | OK | |||
r-release-windows-x86_64 | 0.3.1 | 17.00 | 82.00 | 99.00 | OK | |
r-oldrel-macos-arm64 | 0.3.1 | 38.00 | OK | |||
r-oldrel-macos-x86_64 | 0.3.1 | 72.00 | OK | |||
r-oldrel-windows-x86_64 | 0.3.1 | 17.00 | 93.00 | 110.00 | OK |
Version: 0.3.1
Check: examples
Result: NOTE
Examples with CPU (user + system) or elapsed time > 5s
user system elapsed
echebin 7.814 0.045 9.056
echepoi 7.372 0.027 8.803
Flavor: r-devel-linux-x86_64-debian-clang