Last updated on 2024-04-23 11:55:42 CEST.
Flavor | Version | Tinstall | Tcheck | Ttotal | Status | Flags |
---|---|---|---|---|---|---|
r-devel-linux-x86_64-debian-clang | 0.1.0 | 0.97 | 2.24 | 3.21 | ERROR | |
r-devel-linux-x86_64-debian-gcc | 0.1.0 | 5.86 | 127.25 | 133.11 | OK | |
r-devel-linux-x86_64-fedora-clang | 0.1.0 | 251.70 | NOTE | |||
r-devel-linux-x86_64-fedora-gcc | 0.1.0 | 257.55 | NOTE | |||
r-prerel-macos-arm64 | 0.1.0 | 81.00 | OK | |||
r-prerel-macos-x86_64 | 0.1.0 | 174.00 | OK | |||
r-prerel-windows-x86_64 | 0.1.0 | 8.00 | 175.00 | 183.00 | OK | |
r-patched-linux-x86_64 | 0.1.0 | 8.69 | 191.00 | 199.69 | OK | |
r-release-linux-x86_64 | 0.1.0 | 4.85 | 195.38 | 200.23 | OK | |
r-release-macos-arm64 | 0.1.0 | 86.00 | OK | |||
r-release-macos-x86_64 | 0.1.0 | 153.00 | OK | |||
r-release-windows-x86_64 | 0.1.0 | 11.00 | 234.00 | 245.00 | OK | |
r-oldrel-macos-arm64 | 0.1.0 | 88.00 | NOTE | |||
r-oldrel-windows-x86_64 | 0.1.0 | 10.00 | 235.00 | 245.00 | OK |
Version: 0.1.0
Check: package dependencies
Result: ERROR
Package required but not available: ‘WGCNA’
See section ‘The DESCRIPTION file’ in the ‘Writing R Extensions’
manual.
Flavor: r-devel-linux-x86_64-debian-clang
Version: 0.1.0
Check: dependencies in R code
Result: NOTE
Namespace in Imports field not imported from: ‘pander’
All declared Imports should be used.
Flavors: r-devel-linux-x86_64-fedora-clang, r-devel-linux-x86_64-fedora-gcc, r-oldrel-macos-arm64