Last updated on 2023-10-01 17:56:23 CEST.
Flavor | Version | Tinstall | Tcheck | Ttotal | Status | Flags |
---|---|---|---|---|---|---|
r-devel-linux-x86_64-debian-clang | 0.7.0 | 66.07 | 143.56 | 209.63 | OK | |
r-devel-linux-x86_64-debian-gcc | 0.7.0 | 44.27 | 106.68 | 150.95 | OK | |
r-devel-linux-x86_64-fedora-clang | 0.7.0 | 260.53 | OK | |||
r-devel-linux-x86_64-fedora-gcc | 0.7.0 | 266.44 | OK | |||
r-devel-windows-x86_64 | 0.7.0 | 53.00 | 132.00 | 185.00 | OK | |
r-patched-linux-x86_64 | 0.7.0 | 61.30 | 139.60 | 200.90 | OK | |
r-release-linux-x86_64 | 0.7.0 | 58.79 | 140.81 | 199.60 | OK | |
r-release-macos-arm64 | 0.7.0 | 78.00 | NOTE | |||
r-release-macos-x86_64 | 0.7.0 | 126.00 | NOTE | |||
r-release-windows-x86_64 | 0.7.0 | 67.00 | 161.00 | 228.00 | OK | |
r-oldrel-macos-arm64 | 0.7.0 | 73.00 | NOTE | |||
r-oldrel-macos-x86_64 | 0.7.0 | 98.00 | NOTE | |||
r-oldrel-windows-x86_64 | 0.7.0 | 63.00 | 158.00 | 221.00 | OK |
Version: 0.7.0
Check: installed package size
Result: NOTE
installed size is 11.5Mb
sub-directories of 1Mb or more:
libs 11.3Mb
Flavors: r-release-macos-arm64, r-release-macos-x86_64, r-oldrel-macos-arm64, r-oldrel-macos-x86_64