Last updated on 2023-12-04 00:52:39 CET.
Flavor | Version | Tinstall | Tcheck | Ttotal | Status | Flags |
---|---|---|---|---|---|---|
r-devel-linux-x86_64-debian-clang | 0.4.1 | 35.43 | 96.37 | 131.80 | OK | |
r-devel-linux-x86_64-debian-gcc | 0.4.1 | 27.01 | 72.89 | 99.90 | OK | |
r-devel-linux-x86_64-fedora-clang | 0.4.1 | 180.96 | NOTE | |||
r-devel-linux-x86_64-fedora-gcc | 0.4.1 | 175.36 | NOTE | |||
r-devel-windows-x86_64 | 0.4.1 | 32.00 | 105.00 | 137.00 | OK | |
r-patched-linux-x86_64 | 0.4.1 | 33.07 | 92.65 | 125.72 | OK | |
r-release-linux-x86_64 | 0.4.1 | 32.12 | 96.04 | 128.16 | OK | |
r-release-macos-arm64 | 0.4.1 | 53.00 | OK | |||
r-release-macos-x86_64 | 0.4.1 | 84.00 | NOTE | |||
r-release-windows-x86_64 | 0.4.1 | 39.00 | 121.00 | 160.00 | OK | |
r-oldrel-macos-arm64 | 0.4.1 | 47.00 | OK | |||
r-oldrel-macos-x86_64 | 0.4.1 | 63.00 | NOTE | |||
r-oldrel-windows-x86_64 | 0.4.1 | 37.00 | 117.00 | 154.00 | OK |
Version: 0.4.1
Check: data for non-ASCII characters
Result: NOTE
Note: found 22 marked UTF-8 strings
Flavors: r-devel-linux-x86_64-fedora-clang, r-devel-linux-x86_64-fedora-gcc, r-oldrel-macos-x86_64
Version: 0.4.1
Check: package dependencies
Result: NOTE
Package suggested but not available for checking: ‘tidygraph’
Flavor: r-release-macos-x86_64