CRAN Package Check Results for Package edgebundle

Last updated on 2022-01-22 11:50:58 CET.

Flavor Version Tinstall Tcheck Ttotal Status Flags
r-devel-linux-x86_64-debian-clang 0.3.0 32.15 89.42 121.57 OK
r-devel-linux-x86_64-debian-gcc 0.3.0 23.73 69.39 93.12 OK
r-devel-linux-x86_64-fedora-clang 0.3.0 164.49 NOTE
r-devel-linux-x86_64-fedora-gcc 0.3.0 143.53 NOTE
r-devel-windows-x86_64-new-UL 0.3.0 101.00 126.00 227.00 OK
r-devel-windows-x86_64-new-TK 0.3.0 NOTE
r-patched-linux-x86_64 0.3.0 32.45 85.62 118.07 OK
r-release-linux-x86_64 0.3.0 32.74 86.94 119.68 OK
r-release-macos-arm64 0.3.0 NOTE
r-release-macos-x86_64 0.3.0 NOTE
r-release-windows-ix86+x86_64 0.3.0 83.00 152.00 235.00 OK
r-oldrel-macos-x86_64 0.3.0 NOTE
r-oldrel-windows-ix86+x86_64 0.3.0 82.00 158.00 240.00 OK

Check Details

Version: 0.3.0
Check: data for non-ASCII characters
Result: NOTE
     Note: found 22 marked UTF-8 strings
Flavors: r-devel-linux-x86_64-fedora-clang, r-devel-linux-x86_64-fedora-gcc, r-devel-windows-x86_64-new-TK, r-release-macos-arm64, r-release-macos-x86_64, r-oldrel-macos-x86_64