Last updated on 2023-03-21 17:53:02 CET.
Flavor | Version | Tinstall | Tcheck | Ttotal | Status | Flags |
---|---|---|---|---|---|---|
r-devel-linux-x86_64-debian-clang | 0.1.2 | 9.74 | 86.87 | 96.61 | WARN | |
r-devel-linux-x86_64-debian-gcc | 0.1.2 | 6.75 | 65.05 | 71.80 | WARN | |
r-devel-linux-x86_64-fedora-clang | 0.1.2 | 126.13 | WARN | |||
r-devel-linux-x86_64-fedora-gcc | 0.1.2 | 115.01 | WARN | |||
r-devel-windows-x86_64 | 0.1.2 | 54.00 | 126.00 | 180.00 | WARN | |
r-patched-linux-x86_64 | 0.1.2 | 9.85 | 85.41 | 95.26 | OK | |
r-release-linux-x86_64 | 0.1.2 | 6.83 | 85.07 | 91.90 | OK | |
r-release-macos-arm64 | 0.1.2 | 29.00 | NOTE | |||
r-release-macos-x86_64 | 0.1.2 | 47.00 | NOTE | |||
r-release-windows-x86_64 | 0.1.2 | 67.00 | 127.00 | 194.00 | OK | |
r-oldrel-macos-arm64 | 0.1.2 | 34.00 | NOTE | |||
r-oldrel-macos-x86_64 | 0.1.2 | 49.00 | NOTE | |||
r-oldrel-windows-ix86+x86_64 | 0.1.2 | 17.00 | 114.00 | 131.00 | OK |
Version: 0.1.2
Check: S3 generic/method consistency
Result: WARN
vec_ptype_abbr:
function(x, ..., prefix_named, suffix_shape)
vec_ptype_abbr.edbl_unit:
function(x)
tbl_sum:
function(x)
tbl_sum.edbl_table:
function(.data)
vec_ptype_full:
function(x, ...)
vec_ptype_full.edbl_unit:
function(x)
See section ‘Generic functions and methods’ in the ‘Writing R
Extensions’ manual.
Flavors: r-devel-linux-x86_64-debian-clang, r-devel-linux-x86_64-debian-gcc, r-devel-linux-x86_64-fedora-clang, r-devel-linux-x86_64-fedora-gcc, r-devel-windows-x86_64
Version: 0.1.2
Check: dependencies in R code
Result: NOTE
Namespace in Imports field not imported from: ‘R6’
All declared Imports should be used.
Flavors: r-devel-linux-x86_64-fedora-clang, r-devel-linux-x86_64-fedora-gcc, r-release-macos-arm64, r-release-macos-x86_64, r-oldrel-macos-arm64, r-oldrel-macos-x86_64