Last updated on 2024-04-23 23:55:59 CEST.
Flavor | Version | Tinstall | Tcheck | Ttotal | Status | Flags |
---|---|---|---|---|---|---|
r-devel-linux-x86_64-debian-clang | 2.9.3 | 8.63 | 83.21 | 91.84 | NOTE | |
r-devel-linux-x86_64-debian-gcc | 2.9.3 | 8.47 | 60.38 | 68.85 | NOTE | |
r-devel-linux-x86_64-fedora-clang | 2.9.3 | 114.38 | NOTE | |||
r-devel-linux-x86_64-fedora-gcc | 2.9.3 | 121.06 | NOTE | |||
r-prerel-macos-arm64 | 2.9.3 | 36.00 | NOTE | |||
r-prerel-windows-x86_64 | 2.9.3 | 11.00 | 96.00 | 107.00 | NOTE | |
r-patched-linux-x86_64 | 2.9.3 | 11.79 | 77.96 | 89.75 | NOTE | |
r-release-linux-x86_64 | 2.9.3 | 8.85 | 77.16 | 86.01 | OK | |
r-release-macos-arm64 | 2.9.3 | 42.00 | OK | |||
r-release-macos-x86_64 | 2.9.3 | 56.00 | OK | |||
r-release-windows-x86_64 | 2.9.3 | 11.00 | 104.00 | 115.00 | OK | |
r-oldrel-macos-arm64 | 2.9.3 | 36.00 | OK | |||
r-oldrel-windows-x86_64 | 2.9.3 | 13.00 | 92.00 | 105.00 | OK |
Version: 2.9.3
Check: Rd files
Result: NOTE
checkRd: (-1) parseMix.Rd:15: Lost braces
15 | list with categorical expression (\code{cat}), which is normalized, a numerical expression (code{nums})
| ^
checkRd: (-1) parseMix.Rd:16: Lost braces
16 | and a negated version of this expression (code{negNums})
| ^
Flavors: r-devel-linux-x86_64-debian-clang, r-devel-linux-x86_64-debian-gcc, r-devel-linux-x86_64-fedora-clang, r-devel-linux-x86_64-fedora-gcc, r-prerel-macos-arm64, r-prerel-windows-x86_64, r-patched-linux-x86_64
Version: 2.9.3
Check: Rd \usage sections
Result: NOTE
Documented arguments not in \usage in Rd file 'fcf.env.Rd':
‘vars’
Documented arguments not in \usage in Rd file 'getlevels.Rd':
‘editarray’
Documented arguments not in \usage in Rd file 'parseCatEdit.Rd':
‘e’
Functions with \usage entries need to have the appropriate \alias
entries, and all their arguments documented.
The \usage entries must correspond to syntactically valid R code.
See chapter ‘Writing R documentation files’ in the ‘Writing R
Extensions’ manual.
Flavors: r-devel-linux-x86_64-debian-clang, r-devel-linux-x86_64-debian-gcc, r-devel-linux-x86_64-fedora-clang, r-devel-linux-x86_64-fedora-gcc, r-prerel-macos-arm64, r-prerel-windows-x86_64, r-patched-linux-x86_64