Last updated on 2024-03-29 11:53:51 CET.
Flavor | Version | Tinstall | Tcheck | Ttotal | Status | Flags |
---|---|---|---|---|---|---|
r-devel-linux-x86_64-debian-clang | 1.2.0 | 2.63 | 26.63 | 29.26 | NOTE | |
r-devel-linux-x86_64-debian-gcc | 1.2.0 | 2.28 | 20.07 | 22.35 | NOTE | |
r-devel-linux-x86_64-fedora-clang | 1.2.0 | 35.95 | NOTE | |||
r-devel-linux-x86_64-fedora-gcc | 1.2.0 | 35.07 | NOTE | |||
r-devel-windows-x86_64 | 1.2.0 | 4.00 | 41.00 | 45.00 | NOTE | |
r-patched-linux-x86_64 | 1.2.0 | 3.43 | 24.38 | 27.81 | NOTE | |
r-release-linux-x86_64 | 1.2.0 | 2.38 | 24.63 | 27.01 | OK | |
r-release-macos-arm64 | 1.2.0 | 16.00 | OK | |||
r-release-macos-x86_64 | 1.2.0 | 22.00 | OK | |||
r-release-windows-x86_64 | 1.2.0 | 4.00 | 41.00 | 45.00 | OK | |
r-oldrel-macos-arm64 | 1.2.0 | 15.00 | OK | |||
r-oldrel-windows-x86_64 | 1.2.0 | 9.00 | 44.00 | 53.00 | OK |
Version: 1.2.0
Check: Rd files
Result: NOTE
checkRd: (-1) items_ordered_eclsk_atl.Rd:23: Lost braces; missing escapes or markup?
23 | \item \code{P4SRS10}: Keep working at something until {he/she} is finished?
| ^
Flavors: r-devel-linux-x86_64-debian-clang, r-devel-linux-x86_64-debian-gcc, r-devel-linux-x86_64-fedora-clang, r-devel-linux-x86_64-fedora-gcc, r-devel-windows-x86_64, r-patched-linux-x86_64