CRAN Package Check Results for Package eegkit

Last updated on 2020-10-26 05:46:39 CET.

Flavor Version Tinstall Tcheck Ttotal Status Flags
r-devel-linux-x86_64-debian-clang 1.0-4 6.62 53.52 60.14 OK
r-devel-linux-x86_64-debian-gcc 1.0-4 4.99 42.50 47.49 OK
r-devel-linux-x86_64-fedora-clang 1.0-4 80.55 OK
r-devel-linux-x86_64-fedora-gcc 1.0-4 71.22 OK
r-devel-windows-ix86+x86_64 1.0-4 14.00 77.00 91.00 OK
r-patched-linux-x86_64 1.0-4 6.57 50.51 57.08 OK
r-patched-solaris-x86 1.0-4 103.00 OK
r-release-linux-x86_64 1.0-4 5.87 50.80 56.67 OK
r-release-macos-x86_64 1.0-4 OK
r-release-windows-ix86+x86_64 1.0-4 12.00 60.00 72.00 OK
r-oldrel-macos-x86_64 1.0-4 WARN
r-oldrel-windows-ix86+x86_64 1.0-4 12.00 72.00 84.00 OK

Check Details

Version: 1.0-4
Check: whether package can be installed
Result: WARN
    Found the following significant warnings:
     Warning: 'rgl_init' failed, running with rgl.useNULL = TRUE
Flavor: r-oldrel-macos-x86_64