CRAN Package Check Results for Package egcm

Last updated on 2024-07-22 11:56:23 CEST.

Flavor Version Tinstall Tcheck Ttotal Status Flags
r-devel-linux-x86_64-debian-clang 1.0.13 8.91 75.64 84.55 NOTE
r-devel-linux-x86_64-debian-gcc 1.0.13 6.74 57.41 64.15 NOTE
r-devel-linux-x86_64-fedora-clang 1.0.13 107.07 NOTE
r-devel-linux-x86_64-fedora-gcc 1.0.13 96.93 NOTE
r-devel-windows-x86_64 1.0.13 10.00 73.00 83.00 NOTE
r-patched-linux-x86_64 1.0.13 12.43 72.55 84.98 NOTE
r-release-linux-x86_64 1.0.13 6.69 69.94 76.63 NOTE
r-release-macos-arm64 1.0.13 32.00 NOTE
r-release-macos-x86_64 1.0.13 46.00 NOTE
r-release-windows-x86_64 1.0.13 9.00 75.00 84.00 NOTE
r-oldrel-macos-arm64 1.0.13 35.00 OK
r-oldrel-macos-x86_64 1.0.13 45.00 OK
r-oldrel-windows-x86_64 1.0.13 11.00 85.00 96.00 OK

Check Details

Version: 1.0.13
Check: Rd files
Result: NOTE checkRd: (-1) allpairs.egcm.Rd:31: Lost braces in \itemize; \value handles \item{}{} directly checkRd: (-1) allpairs.egcm.Rd:32: Lost braces in \itemize; \value handles \item{}{} directly checkRd: (-1) allpairs.egcm.Rd:33-34: Lost braces in \itemize; \value handles \item{}{} directly checkRd: (-1) allpairs.egcm.Rd:35-36: Lost braces in \itemize; \value handles \item{}{} directly checkRd: (-1) allpairs.egcm.Rd:37-38: Lost braces in \itemize; \value handles \item{}{} directly checkRd: (-1) allpairs.egcm.Rd:39: Lost braces in \itemize; \value handles \item{}{} directly checkRd: (-1) allpairs.egcm.Rd:40: Lost braces in \itemize; \value handles \item{}{} directly checkRd: (-1) allpairs.egcm.Rd:41: Lost braces in \itemize; \value handles \item{}{} directly checkRd: (-1) allpairs.egcm.Rd:42: Lost braces in \itemize; \value handles \item{}{} directly checkRd: (-1) allpairs.egcm.Rd:43: Lost braces in \itemize; \value handles \item{}{} directly checkRd: (-1) allpairs.egcm.Rd:44: Lost braces in \itemize; \value handles \item{}{} directly checkRd: (-1) allpairs.egcm.Rd:45: Lost braces in \itemize; \value handles \item{}{} directly checkRd: (-1) allpairs.egcm.Rd:46: Lost braces in \itemize; \value handles \item{}{} directly checkRd: (-1) allpairs.egcm.Rd:47: Lost braces in \itemize; \value handles \item{}{} directly checkRd: (-1) allpairs.egcm.Rd:48: Lost braces in \itemize; \value handles \item{}{} directly checkRd: (-1) allpairs.egcm.Rd:49-50: Lost braces in \itemize; \value handles \item{}{} directly checkRd: (-1) allpairs.egcm.Rd:51: Lost braces in \itemize; \value handles \item{}{} directly checkRd: (-1) allpairs.egcm.Rd:52-53: Lost braces in \itemize; \value handles \item{}{} directly checkRd: (-1) allpairs.egcm.Rd:54: Lost braces in \itemize; \value handles \item{}{} directly checkRd: (-1) allpairs.egcm.Rd:55: Lost braces in \itemize; \value handles \item{}{} directly checkRd: (-1) allpairs.egcm.Rd:56: Lost braces in \itemize; \value handles \item{}{} directly checkRd: (-1) allpairs.egcm.Rd:57: Lost braces in \itemize; \value handles \item{}{} directly checkRd: (-1) allpairs.egcm.Rd:58: Lost braces in \itemize; \value handles \item{}{} directly checkRd: (-1) allpairs.egcm.Rd:59: Lost braces in \itemize; \value handles \item{}{} directly Flavors: r-devel-linux-x86_64-debian-clang, r-devel-linux-x86_64-debian-gcc, r-devel-linux-x86_64-fedora-clang, r-devel-linux-x86_64-fedora-gcc, r-devel-windows-x86_64, r-patched-linux-x86_64, r-release-linux-x86_64, r-release-macos-arm64, r-release-macos-x86_64, r-release-windows-x86_64

Version: 1.0.13
Check: Rd cross-references
Result: NOTE Found the following Rd file(s) with Rd \link{} targets missing package anchors: acor.Rd: zoo egcm-package.Rd: adf.test, pp.test egcm.Rd: zoo, rlm, adf.test, pp.test egcm.set.default.i1test.Rd: adf.test, pp.test pgff.test.Rd: adf.test ur_power.Rd: adf.test, pp.test Please provide package anchors for all Rd \link{} targets not in the package itself and the base packages. Flavors: r-devel-linux-x86_64-debian-gcc, r-devel-windows-x86_64