CRAN Package Check Results for Package eggCounts

Last updated on 2019-05-22 22:52:32 CEST.

Flavor Version Tinstall Tcheck Ttotal Status Flags
r-devel-linux-x86_64-debian-clang 2.1-2 698.37 97.43 795.80 NOTE
r-devel-linux-x86_64-debian-gcc 2.1-2 670.17 105.19 775.36 NOTE
r-devel-linux-x86_64-fedora-clang 2.1-2 1149.80 NOTE
r-devel-linux-x86_64-fedora-gcc 2.1-2 1020.07 NOTE
r-devel-windows-ix86+x86_64 2.1-2 1216.00 192.00 1408.00 NOTE
r-patched-linux-x86_64 2.1-2 748.89 130.08 878.97 NOTE
r-patched-solaris-x86 2.1-2 991.30 NOTE
r-release-linux-x86_64 2.1-2 767.21 129.34 896.55 NOTE
r-release-windows-ix86+x86_64 2.1-2 1672.00 259.00 1931.00 NOTE
r-release-osx-x86_64 2.1-2 NOTE
r-oldrel-windows-ix86+x86_64 2.1-2 1226.00 178.00 1404.00 NOTE
r-oldrel-osx-x86_64 2.1-2 NOTE

Check Details

Version: 2.1-2
Check: package dependencies
Result: NOTE
    Package suggested but not available for checking: 'eggCountsExtra'
Flavors: r-devel-linux-x86_64-debian-clang, r-devel-linux-x86_64-debian-gcc, r-devel-linux-x86_64-fedora-clang, r-devel-linux-x86_64-fedora-gcc, r-devel-windows-ix86+x86_64, r-patched-linux-x86_64, r-patched-solaris-x86, r-release-linux-x86_64, r-release-windows-ix86+x86_64, r-release-osx-x86_64, r-oldrel-windows-ix86+x86_64, r-oldrel-osx-x86_64

Version: 2.1-2
Check: for GNU extensions in Makefiles
Result: NOTE
    GNU make is a SystemRequirements.
Flavors: r-devel-linux-x86_64-debian-clang, r-devel-linux-x86_64-debian-gcc, r-devel-linux-x86_64-fedora-clang, r-devel-linux-x86_64-fedora-gcc, r-devel-windows-ix86+x86_64, r-patched-linux-x86_64, r-patched-solaris-x86, r-release-linux-x86_64, r-release-windows-ix86+x86_64, r-release-osx-x86_64, r-oldrel-windows-ix86+x86_64, r-oldrel-osx-x86_64

Version: 2.1-2
Check: installed package size
Result: NOTE
     installed size is 98.7Mb
     sub-directories of 1Mb or more:
     libs 98.0Mb
Flavors: r-devel-linux-x86_64-fedora-clang, r-devel-windows-ix86+x86_64, r-patched-solaris-x86, r-release-windows-ix86+x86_64, r-release-osx-x86_64, r-oldrel-windows-ix86+x86_64, r-oldrel-osx-x86_64