CRAN Package Check Results for Package egor

Last updated on 2022-01-20 06:49:18 CET.

Flavor Version Tinstall Tcheck Ttotal Status Flags
r-devel-linux-x86_64-debian-clang 1.22.1 OK
r-devel-linux-x86_64-debian-gcc 1.22.1 11.76 239.59 251.35 OK
r-devel-linux-x86_64-fedora-clang 1.22.1 400.50 OK
r-devel-linux-x86_64-fedora-gcc 1.22.1 390.08 OK
r-devel-windows-x86_64-new-UL 1.22.1 174.00 345.00 519.00 OK
r-devel-windows-x86_64-new-TK 1.22.1 OK
r-patched-linux-x86_64 1.22.1 18.37 321.14 339.51 OK
r-release-linux-x86_64 1.22.1 OK
r-release-macos-arm64 1.22.1 OK
r-release-macos-x86_64 1.22.1 OK
r-release-windows-ix86+x86_64 1.22.1 33.00 365.00 398.00 OK
r-oldrel-macos-x86_64 1.21.10 ERROR
r-oldrel-windows-ix86+x86_64 1.21.10 33.00 232.00 265.00 ERROR

Check Details

Version: 1.21.10
Check: tests
Result: ERROR
     Running ‘testthat.R’ [2s/2s]
    Running the tests in ‘tests/testthat.R’ failed.
    Last 13 lines of output:
     The following objects are masked from 'package:base':
    
     intersect, setdiff, setequal, union
    
     Loading required package: tibble
     > library(dplyr)
     >
     > test_check("egor")
     Error in parse(con, n = -1, srcfile = srcfile, encoding = "UTF-8") :
     test-activate.R:2:11: unexpected '>'
     1: test_that("activate works with singular and plurals of level names", {
     2: egor32 |>
     ^
     Calls: test_check ... doTryCatch -> lapply -> FUN -> source_file -> parse
     Execution halted
Flavor: r-oldrel-macos-x86_64

Version: 1.21.10
Check: for unstated dependencies in ‘tests’
Result: WARN
    Warning: parse error in file 'testthat/test-activate.R':
    2:11: unexpected '>'
    1: test_that("activate works with singular and plurals of level names", {
    2: egor32 |>
     ^
    Warning: parse error in file 'testthat/test-clustered_graphs.R':
    96:16: unexpected '>'
    95:
    96: graphs[[1]] |>
     ^
    Warning: parse error in file 'testthat/test-subset.R':
    84:20: unexpected '>'
    83: expect_error(subset(x = e1, something == 1, unit = "alter"), NA)
    84: expect_error(e1 |>
     ^
Flavor: r-oldrel-windows-ix86+x86_64

Version: 1.21.10
Check: tests
Result: ERROR
     Running 'testthat.R' [4s]
    Running the tests in 'tests/testthat.R' failed.
    Complete output:
     > library(testthat)
     > library(egor)
     Loading required package: dplyr
    
     Attaching package: 'dplyr'
    
     The following object is masked from 'package:testthat':
    
     matches
    
     The following objects are masked from 'package:stats':
    
     filter, lag
    
     The following objects are masked from 'package:base':
    
     intersect, setdiff, setequal, union
    
     Loading required package: tibble
     > library(dplyr)
     >
     > test_check("egor")
     Error in parse(con, n = -1, srcfile = srcfile, encoding = "UTF-8") :
     test-activate.R:2:11: unexpected '>'
     1: test_that("activate works with singular and plurals of level names", {
     2: egor32 |>
     ^
     Calls: test_check ... doTryCatch -> lapply -> FUN -> source_file -> parse
     Execution halted
Flavor: r-oldrel-windows-ix86+x86_64