CRAN Package Check Results for Package eia

Last updated on 2021-04-20 11:48:41 CEST.

Flavor Version Tinstall Tcheck Ttotal Status Flags
r-devel-linux-x86_64-debian-clang 0.3.7 3.68 46.41 50.09 NOTE
r-devel-linux-x86_64-debian-gcc 0.3.7 3.37 35.48 38.85 NOTE
r-devel-linux-x86_64-fedora-clang 0.3.7 70.05 NOTE
r-devel-linux-x86_64-fedora-gcc 0.3.7 61.27 NOTE
r-devel-windows-ix86+x86_64 0.3.7 7.00 52.00 59.00 NOTE
r-devel-windows-x86_64-gcc10-UCRT 0.3.7 NOTE
r-patched-linux-x86_64 0.3.7 4.07 44.09 48.16 OK
r-patched-solaris-x86 0.3.7 86.50 OK
r-release-linux-x86_64 0.3.7 4.37 44.01 48.38 OK
r-release-macos-x86_64 0.3.7 OK
r-release-windows-ix86+x86_64 0.3.7 9.00 66.00 75.00 OK
r-oldrel-macos-x86_64 0.3.7 OK
r-oldrel-windows-ix86+x86_64 0.3.7 5.00 60.00 65.00 OK

Check Details

Version: 0.3.7
Check: LazyData
Result: NOTE
     'LazyData' is specified without a 'data' directory
Flavors: r-devel-linux-x86_64-debian-clang, r-devel-linux-x86_64-debian-gcc, r-devel-linux-x86_64-fedora-clang, r-devel-linux-x86_64-fedora-gcc, r-devel-windows-ix86+x86_64, r-devel-windows-x86_64-gcc10-UCRT