CRAN Package Check Results for Package eiwild

Last updated on 2019-07-16 05:48:11 CEST.

Flavor Version Tinstall Tcheck Ttotal Status Flags
r-devel-linux-x86_64-debian-clang 0.6.7 4.36 26.35 30.71 NOTE
r-devel-linux-x86_64-debian-gcc 0.6.7 4.10 21.26 25.36 NOTE
r-devel-linux-x86_64-fedora-clang 0.6.7 38.58 NOTE
r-devel-linux-x86_64-fedora-gcc 0.6.7 41.75 NOTE
r-devel-windows-ix86+x86_64 0.6.7 19.00 44.00 63.00 NOTE
r-patched-linux-x86_64 0.6.7 4.71 27.10 31.81 NOTE
r-patched-solaris-x86 0.6.7 71.50 NOTE
r-release-linux-x86_64 0.6.7 4.51 26.15 30.66 NOTE
r-release-windows-ix86+x86_64 0.6.7 16.00 64.00 80.00 NOTE
r-release-osx-x86_64 0.6.7 NOTE
r-oldrel-windows-ix86+x86_64 0.6.7 19.00 59.00 78.00 NOTE
r-oldrel-osx-x86_64 0.6.7 NOTE

Check Details

Version: 0.6.7
Check: R code for possible problems
Result: NOTE
    comPlot: no visible global function definition for 'plot'
    comPlot: no visible global function definition for 'lines'
    convertEiData: no visible global function definition for 'model.frame'
    plot.eiwild: no visible global function definition for 'plot'
    plot.eiwild: no visible global function definition for 'par'
    plotResult: no visible global function definition for 'grey'
    plotResult: no visible global function definition for
     'colorRampPalette'
    plotResult: no visible global function definition for 'plot.new'
    plotResult: no visible global function definition for 'plot.window'
    prioriPlot: no visible global function definition for 'par'
    prioriPlot : <anonymous> : <anonymous>: no visible global function
     definition for 'rgamma'
    prioriPlot : <anonymous>: no visible global function definition for
     'rbeta'
    prioriPlot: no visible global function definition for 'hist'
    prioriPlot : <anonymous>: no visible global function definition for
     'rgamma'
    prioriPlot : <anonymous> : <anonymous>: no visible global function
     definition for 'rexp'
    prioriPlot : <anonymous>: no visible global function definition for
     'rexp'
    runMBayes: no visible global function definition for 'runif'
    runMBayes: no visible global function definition for 'rgamma'
    runMBayes: no visible global function definition for 'rexp'
    str0: no visible global function definition for 'str'
    tuneVars: no visible global function definition for 'sd'
    Undefined global functions or variables:
     colorRampPalette grey hist lines model.frame par plot plot.new
     plot.window rbeta rexp rgamma runif sd str
    Consider adding
     importFrom("grDevices", "colorRampPalette", "grey")
     importFrom("graphics", "hist", "lines", "par", "plot", "plot.new",
     "plot.window")
     importFrom("stats", "model.frame", "rbeta", "rexp", "rgamma", "runif",
     "sd")
     importFrom("utils", "str")
    to your NAMESPACE file.
Flavors: r-devel-linux-x86_64-debian-clang, r-devel-linux-x86_64-debian-gcc, r-devel-linux-x86_64-fedora-clang, r-devel-linux-x86_64-fedora-gcc, r-devel-windows-ix86+x86_64, r-patched-linux-x86_64, r-patched-solaris-x86, r-release-linux-x86_64, r-release-windows-ix86+x86_64, r-release-osx-x86_64, r-oldrel-windows-ix86+x86_64, r-oldrel-osx-x86_64

Version: 0.6.7
Check: compiled code
Result: NOTE
    File ‘eiwild/libs/eiwild.so’:
     Found no calls to: ‘R_registerRoutines’, ‘R_useDynamicSymbols’
    
    It is good practice to register native routines and to disable symbol
    search.
    
    See ‘Writing portable packages’ in the ‘Writing R Extensions’ manual.
Flavors: r-devel-linux-x86_64-fedora-clang, r-devel-linux-x86_64-fedora-gcc