CRAN Package Check Results for Package elect

Last updated on 2024-06-18 05:57:35 CEST.

Flavor Version Tinstall Tcheck Ttotal Status Flags
r-devel-linux-x86_64-debian-clang 1.2 9.05 76.98 86.03 NOTE
r-devel-linux-x86_64-debian-gcc 1.2 6.59 56.97 63.56 NOTE
r-devel-linux-x86_64-fedora-clang 1.2 105.35 NOTE
r-devel-linux-x86_64-fedora-gcc 1.2 107.34 NOTE
r-devel-windows-x86_64 1.2 8.00 71.00 79.00 NOTE
r-patched-linux-x86_64 1.2 7.43 74.27 81.70 NOTE
r-release-linux-x86_64 1.2 7.49 73.84 81.33 NOTE
r-release-macos-arm64 1.2 29.00 NOTE
r-release-macos-x86_64 1.2 44.00 NOTE
r-release-windows-x86_64 1.2 8.00 71.00 79.00 NOTE
r-oldrel-macos-arm64 1.2 34.00 OK
r-oldrel-macos-x86_64 1.2 53.00 OK
r-oldrel-windows-x86_64 1.2 10.00 85.00 95.00 OK

Check Details

Version: 1.2
Check: Rd files
Result: NOTE checkRd: (-1) electData.Rd:16: Lost braces; missing escapes or markup? 16 | Variables: \code{id} = {identification number}, | ^ checkRd: (-1) electData.Rd:17: Lost braces; missing escapes or markup? 17 | \code{state} = {state}, \code{age} = age in years on a shifted scale (current age minus 70), | ^ checkRd: (-1) summary.elect.Rd:25: Lost braces; missing escapes or markup? 25 | TRUE for output on start-state totals e_{r.} (for \code{S}>0) | ^ Flavors: r-devel-linux-x86_64-debian-clang, r-devel-linux-x86_64-debian-gcc, r-devel-linux-x86_64-fedora-clang, r-devel-linux-x86_64-fedora-gcc, r-devel-windows-x86_64, r-patched-linux-x86_64, r-release-linux-x86_64, r-release-macos-arm64, r-release-macos-x86_64, r-release-windows-x86_64