CRAN Package Check Results for Package elections.dtree

Last updated on 2023-09-30 11:51:39 CEST.

Flavor Version Tinstall Tcheck Ttotal Status Flags
r-devel-linux-x86_64-debian-clang 2.0.0 87.32 102.18 189.50 OK
r-devel-linux-x86_64-debian-gcc 2.0.0 65.32 73.71 139.03 OK
r-devel-linux-x86_64-fedora-clang 2.0.0 258.33 OK
r-devel-linux-x86_64-fedora-gcc 2.0.0 277.57 OK
r-devel-windows-x86_64 2.0.0 69.00 121.00 190.00 OK
r-patched-linux-x86_64 2.0.0 73.04 96.89 169.93 OK
r-release-linux-x86_64 2.0.0 65.15 94.18 159.33 OK
r-release-macos-arm64 2.0.0 66.00 NOTE
r-release-macos-x86_64 2.0.0 115.00 NOTE
r-release-windows-x86_64 2.0.0 89.00 143.00 232.00 OK
r-oldrel-macos-arm64 2.0.0 69.00 NOTE
r-oldrel-macos-x86_64 2.0.0 100.00 NOTE
r-oldrel-windows-x86_64 2.0.0 87.00 157.00 244.00 OK

Check Details

Version: 2.0.0
Check: installed package size
Result: NOTE
     installed size is 9.1Mb
     sub-directories of 1Mb or more:
     libs 9.0Mb
Flavors: r-release-macos-arm64, r-release-macos-x86_64, r-oldrel-macos-arm64, r-oldrel-macos-x86_64