Last updated on 2024-08-16 11:49:39 CEST.
Flavor | Version | Tinstall | Tcheck | Ttotal | Status | Flags |
---|---|---|---|---|---|---|
r-devel-linux-x86_64-debian-clang | 3.0.2 | 31.84 | 47.03 | 78.87 | NOTE | |
r-devel-linux-x86_64-debian-gcc | 3.0.2 | 22.67 | 34.05 | 56.72 | NOTE | |
r-devel-linux-x86_64-fedora-clang | 3.0.2 | 145.52 | NOTE | |||
r-devel-linux-x86_64-fedora-gcc | 3.0.2 | 155.99 | NOTE | |||
r-devel-windows-x86_64 | 3.0.2 | 37.00 | 86.00 | 123.00 | NOTE | |
r-patched-linux-x86_64 | 3.0.2 | 31.14 | 44.66 | 75.80 | NOTE | |
r-release-linux-x86_64 | 3.0.2 | 29.67 | 44.82 | 74.49 | NOTE | |
r-release-macos-arm64 | 3.0.2 | 45.00 | NOTE | |||
r-release-macos-x86_64 | 3.0.2 | 59.00 | NOTE | |||
r-release-windows-x86_64 | 3.0.2 | 37.00 | 86.00 | 123.00 | NOTE | |
r-oldrel-macos-arm64 | 3.0.2 | 50.00 | OK | |||
r-oldrel-macos-x86_64 | 3.0.2 | 99.00 | OK | |||
r-oldrel-windows-x86_64 | 3.0.2 | 45.00 | 97.00 | 142.00 | OK |
Version: 3.0.2
Check: Rd files
Result: NOTE
checkRd: (-1) elo.run.Rd:80: Lost braces
80 | \code{\link{score}}, \link{elo.run.helpers}{elo.run helpers}, \code{\link{elo.calc}},
| ^
Flavors: r-devel-linux-x86_64-debian-clang, r-devel-linux-x86_64-debian-gcc, r-devel-linux-x86_64-fedora-clang, r-devel-linux-x86_64-fedora-gcc, r-devel-windows-x86_64, r-patched-linux-x86_64, r-release-linux-x86_64, r-release-macos-arm64, r-release-macos-x86_64, r-release-windows-x86_64