Last updated on 2023-03-25 05:50:30 CET.
Flavor | Version | Tinstall | Tcheck | Ttotal | Status | Flags |
---|---|---|---|---|---|---|
r-devel-linux-x86_64-debian-clang | 1.0.0 | 20.25 | 249.64 | 269.89 | OK | |
r-devel-linux-x86_64-debian-gcc | 1.0.0 | 13.49 | 187.06 | 200.55 | OK | |
r-devel-linux-x86_64-fedora-clang | 1.0.0 | 342.08 | NOTE | |||
r-devel-linux-x86_64-fedora-gcc | 1.0.0 | 331.72 | OK | |||
r-patched-linux-x86_64 | 1.0.0 | 21.46 | 299.77 | 321.23 | OK | |
r-release-linux-x86_64 | 1.0.0 | 17.19 | 238.86 | 256.05 | OK | |
r-release-macos-arm64 | 1.0.0 | 103.00 | OK | |||
r-release-macos-x86_64 | 1.0.0 | 128.00 | OK | |||
r-release-windows-x86_64 | 1.0.0 | 57.00 | 343.00 | 400.00 | OK | |
r-oldrel-macos-arm64 | 1.0.0 | 91.00 | OK | |||
r-oldrel-macos-x86_64 | 1.0.0 | 123.00 | OK | |||
r-oldrel-windows-ix86+x86_64 | 1.0.0 | 37.00 | 381.00 | 418.00 | OK |
Version: 1.0.0
Check: Rd cross-references
Result: NOTE
Undeclared package ‘textrecipes’ in Rd xrefs
Flavor: r-devel-linux-x86_64-fedora-clang