Last updated on 2023-06-07 05:58:19 CEST.
Flavor | Version | Tinstall | Tcheck | Ttotal | Status | Flags |
---|---|---|---|---|---|---|
r-devel-linux-x86_64-debian-clang | 8.7 | 27.20 | 155.22 | 182.42 | OK | |
r-devel-linux-x86_64-debian-gcc | 8.7 | 19.97 | 116.50 | 136.47 | OK | |
r-devel-linux-x86_64-fedora-clang | 8.7 | 224.62 | NOTE | |||
r-devel-linux-x86_64-fedora-gcc | 8.7 | 215.24 | NOTE | |||
r-devel-windows-x86_64 | 8.7 | 24.00 | 149.00 | 173.00 | OK | |
r-patched-linux-x86_64 | 8.7 | 25.21 | 147.16 | 172.37 | OK | |
r-release-linux-x86_64 | 8.7 | 18.75 | 145.54 | 164.29 | OK | |
r-release-macos-arm64 | 8.7 | 101.00 | OK | |||
r-release-macos-x86_64 | 8.7 | 138.00 | NOTE | |||
r-release-windows-x86_64 | 8.7 | 147.00 | 179.00 | 326.00 | OK | |
r-oldrel-macos-arm64 | 8.7 | 108.00 | NOTE | |||
r-oldrel-macos-x86_64 | 8.7 | 137.00 | NOTE | |||
r-oldrel-windows-x86_64 | 8.7 | 29.00 | 162.00 | 191.00 | OK |
Version: 8.7
Check: data for non-ASCII characters
Result: NOTE
Note: found 155 marked UTF-8 strings
Flavors: r-devel-linux-x86_64-fedora-clang, r-devel-linux-x86_64-fedora-gcc, r-oldrel-macos-arm64, r-oldrel-macos-x86_64
Version: 8.7
Check: package dependencies
Result: NOTE
Package suggested but not available for checking: ‘car’
Flavor: r-release-macos-x86_64