CRAN Package Check Results for Package emdi

Last updated on 2021-08-01 23:49:21 CEST.

Flavor Version Tinstall Tcheck Ttotal Status Flags
r-devel-linux-x86_64-debian-clang 2.1.0 30.76 248.27 279.03 OK
r-devel-linux-x86_64-debian-gcc 2.1.0 23.57 186.92 210.49 NOTE
r-devel-linux-x86_64-fedora-clang 2.1.0 314.92 NOTE
r-devel-linux-x86_64-fedora-gcc 2.1.0 346.97 NOTE
r-devel-windows-x86_64 2.1.0 46.00 259.00 305.00 OK
r-devel-windows-x86_64-gcc10-UCRT 2.1.0 NOTE
r-patched-linux-x86_64 2.1.0 OK
r-patched-solaris-x86 2.1.0 396.30 NOTE
r-release-linux-x86_64 2.1.0 28.41 240.63 269.04 NOTE
r-release-macos-arm64 2.1.0 NOTE
r-release-macos-x86_64 2.1.0 NOTE
r-release-windows-ix86+x86_64 2.1.0 65.00 251.00 316.00 OK
r-oldrel-macos-x86_64 2.1.0 NOTE
r-oldrel-windows-ix86+x86_64 2.1.0 59.00 264.00 323.00 OK

Check Details

Version: 2.1.0
Check: package dependencies
Result: NOTE
    Package suggested but not available for checking: ‘simFrame’
Flavors: r-devel-linux-x86_64-debian-gcc, r-devel-linux-x86_64-fedora-clang, r-devel-linux-x86_64-fedora-gcc, r-patched-solaris-x86, r-release-linux-x86_64

Version: 2.1.0
Check: Rd cross-references
Result: NOTE
    Unknown package ‘simFrame’ in Rd xrefs
Flavors: r-devel-linux-x86_64-debian-gcc, r-devel-linux-x86_64-fedora-clang, r-devel-linux-x86_64-fedora-gcc, r-patched-solaris-x86, r-release-linux-x86_64

Version: 2.1.0
Check: data for non-ASCII characters
Result: NOTE
     Note: found 50 marked Latin-1 strings
Flavors: r-devel-linux-x86_64-fedora-clang, r-devel-linux-x86_64-fedora-gcc, r-devel-windows-x86_64-gcc10-UCRT, r-patched-solaris-x86, r-release-macos-arm64, r-release-macos-x86_64, r-oldrel-macos-x86_64