Last updated on 2024-08-16 11:49:39 CEST.
Flavor | Version | Tinstall | Tcheck | Ttotal | Status | Flags |
---|---|---|---|---|---|---|
r-devel-linux-x86_64-debian-clang | 0.5.1 | 3.76 | 66.53 | 70.29 | NOTE | |
r-devel-linux-x86_64-debian-gcc | 0.5.1 | 3.13 | 47.74 | 50.87 | NOTE | |
r-devel-linux-x86_64-fedora-clang | 0.5.1 | 112.26 | NOTE | |||
r-devel-linux-x86_64-fedora-gcc | 0.5.1 | 120.14 | NOTE | |||
r-devel-windows-x86_64 | 0.5.1 | 7.00 | 87.00 | 94.00 | NOTE | |
r-patched-linux-x86_64 | 0.5.1 | 4.78 | 63.18 | 67.96 | NOTE | |
r-release-linux-x86_64 | 0.5.1 | 4.42 | 64.07 | 68.49 | NOTE | |
r-release-macos-arm64 | 0.5.1 | 43.00 | NOTE | |||
r-release-macos-x86_64 | 0.5.1 | 64.00 | NOTE | |||
r-release-windows-x86_64 | 0.5.1 | 7.00 | 92.00 | 99.00 | NOTE | |
r-oldrel-macos-arm64 | 0.5.1 | 44.00 | NOTE | |||
r-oldrel-macos-x86_64 | 0.5.1 | 68.00 | NOTE | |||
r-oldrel-windows-x86_64 | 0.5.1 | 8.00 | 99.00 | 107.00 | NOTE |
Version: 0.5.1
Check: LazyData
Result: NOTE
'LazyData' is specified without a 'data' directory
Flavors: r-devel-linux-x86_64-debian-clang, r-devel-linux-x86_64-debian-gcc, r-devel-linux-x86_64-fedora-clang, r-devel-linux-x86_64-fedora-gcc, r-devel-windows-x86_64, r-patched-linux-x86_64, r-release-linux-x86_64, r-release-macos-arm64, r-release-macos-x86_64, r-release-windows-x86_64, r-oldrel-macos-arm64, r-oldrel-macos-x86_64, r-oldrel-windows-x86_64