CRAN Package Check Results for Package emld

Last updated on 2022-07-03 05:49:48 CEST.

Flavor Version Tinstall Tcheck Ttotal Status Flags
r-devel-linux-x86_64-debian-clang 0.5.1 5.29 85.32 90.61 NOTE
r-devel-linux-x86_64-debian-gcc 0.5.1 2.92 62.36 65.28 NOTE
r-devel-linux-x86_64-fedora-clang 0.5.1 114.11 NOTE
r-devel-linux-x86_64-fedora-gcc 0.5.1 112.59 NOTE
r-devel-windows-x86_64 0.5.1 164.00 137.00 301.00 NOTE
r-patched-linux-x86_64 0.5.1 4.65 79.83 84.48 NOTE
r-release-linux-x86_64 0.5.1 4.62 79.84 84.46 NOTE
r-release-macos-arm64 0.5.1 64.00 NOTE
r-release-macos-x86_64 0.5.1 82.00 NOTE
r-release-windows-x86_64 0.5.1 108.00 149.00 257.00 NOTE
r-oldrel-macos-arm64 0.5.1 71.00 NOTE
r-oldrel-macos-x86_64 0.5.1 93.00 NOTE
r-oldrel-windows-ix86+x86_64 0.5.1 13.00 130.00 143.00 NOTE

Check Details

Version: 0.5.1
Check: LazyData
Result: NOTE
     'LazyData' is specified without a 'data' directory
Flavors: r-devel-linux-x86_64-debian-clang, r-devel-linux-x86_64-debian-gcc, r-devel-linux-x86_64-fedora-clang, r-devel-linux-x86_64-fedora-gcc, r-devel-windows-x86_64, r-patched-linux-x86_64, r-release-linux-x86_64, r-release-macos-arm64, r-release-macos-x86_64, r-release-windows-x86_64, r-oldrel-macos-arm64, r-oldrel-macos-x86_64, r-oldrel-windows-ix86+x86_64