CRAN Package Check Results for Package emld

Last updated on 2020-11-25 17:47:48 CET.

Flavor Version Tinstall Tcheck Ttotal Status Flags
r-devel-linux-x86_64-debian-clang 0.5.1 5.19 81.35 86.54 OK
r-devel-linux-x86_64-debian-gcc 0.5.1 4.43 61.03 65.46 OK
r-devel-linux-x86_64-fedora-clang 0.5.1 106.96 OK
r-devel-linux-x86_64-fedora-gcc 0.5.1 97.25 OK
r-devel-windows-ix86+x86_64 0.5.1 14.00 131.00 145.00 OK
r-patched-linux-x86_64 0.5.1 5.53 81.50 87.03 OK
r-patched-solaris-x86 0.5.1 151.60 NOTE
r-release-linux-x86_64 0.5.1 4.64 80.80 85.44 OK
r-release-macos-x86_64 0.5.1 OK
r-release-windows-ix86+x86_64 0.5.1 13.00 131.00 144.00 OK
r-oldrel-macos-x86_64 0.5.1 OK
r-oldrel-windows-ix86+x86_64 0.5.1 11.00 104.00 115.00 OK

Check Details

Version: 0.5.1
Check: installed package size
Result: NOTE
     installed size is 5.3Mb
     sub-directories of 1Mb or more:
     xsd 4.1Mb
Flavor: r-patched-solaris-x86