CRAN Package Check Results for Package emon

Last updated on 2021-01-26 17:50:00 CET.

Flavor Version Tinstall Tcheck Ttotal Status Flags
r-devel-linux-x86_64-debian-clang 1.3.2 8.68 85.79 94.47 OK
r-devel-linux-x86_64-debian-gcc 1.3.2 7.57 64.20 71.77 OK
r-devel-linux-x86_64-fedora-clang 1.3.2 121.00 NOTE
r-devel-linux-x86_64-fedora-gcc 1.3.2 109.35 OK
r-devel-windows-ix86+x86_64 1.3.2 19.00 105.00 124.00 OK
r-patched-linux-x86_64 1.3.2 6.91 78.92 85.83 OK
r-patched-solaris-x86 1.3.2 149.90 OK
r-release-linux-x86_64 1.3.2 8.31 79.48 87.79 OK
r-release-macos-x86_64 1.3.2 OK
r-release-windows-ix86+x86_64 1.3.2 19.00 78.00 97.00 OK
r-oldrel-macos-x86_64 1.3.2 OK
r-oldrel-windows-ix86+x86_64 1.3.2 13.00 96.00 109.00 OK

Check Details

Version: 1.3.2
Check: Rd cross-references
Result: NOTE
    Undeclared packages ‘Kendall’, ‘geoR’ in Rd xrefs
Flavor: r-devel-linux-x86_64-fedora-clang