CRAN Package Check Results for Package empichar

Last updated on 2021-06-18 05:48:43 CEST.

Flavor Version Tinstall Tcheck Ttotal Status Flags
r-devel-linux-x86_64-debian-clang 1.0.0 33.41 29.00 62.41 NOTE
r-devel-linux-x86_64-debian-gcc 1.0.0 20.42 22.87 43.29 NOTE
r-devel-linux-x86_64-fedora-clang 1.0.0 90.32 NOTE
r-devel-linux-x86_64-fedora-gcc 1.0.0 74.26 NOTE
r-devel-windows-x86_64 1.0.0 40.00 47.00 87.00 NOTE
r-devel-windows-x86_64-gcc10-UCRT 1.0.0 NOTE
r-patched-linux-x86_64 1.0.0 25.06 28.20 53.26 NOTE
r-patched-solaris-x86 1.0.0 86.40 NOTE
r-release-linux-x86_64 1.0.0 24.62 28.22 52.84 NOTE
r-release-macos-arm64 1.0.0 NOTE
r-release-macos-x86_64 1.0.0 NOTE
r-release-windows-ix86+x86_64 1.0.0 76.00 72.00 148.00 NOTE
r-oldrel-macos-x86_64 1.0.0 OK
r-oldrel-windows-ix86+x86_64 1.0.0 60.00 67.00 127.00 OK

Check Details

Version: 1.0.0
Check: LazyData
Result: NOTE
     'LazyData' is specified without a 'data' directory
Flavors: r-devel-linux-x86_64-debian-clang, r-devel-linux-x86_64-debian-gcc, r-devel-linux-x86_64-fedora-clang, r-devel-linux-x86_64-fedora-gcc, r-devel-windows-x86_64, r-devel-windows-x86_64-gcc10-UCRT, r-patched-linux-x86_64, r-patched-solaris-x86, r-release-linux-x86_64, r-release-macos-arm64, r-release-macos-x86_64, r-release-windows-ix86+x86_64