Last updated on 2024-04-23 11:55:42 CEST.
Flavor | Version | Tinstall | Tcheck | Ttotal | Status | Flags |
---|---|---|---|---|---|---|
r-devel-linux-x86_64-debian-clang | 0.1.3 | 5.62 | 49.82 | 55.44 | NOTE | |
r-devel-linux-x86_64-debian-gcc | 0.1.3 | 3.72 | 36.29 | 40.01 | NOTE | |
r-devel-linux-x86_64-fedora-clang | 0.1.3 | 86.50 | NOTE | |||
r-devel-linux-x86_64-fedora-gcc | 0.1.3 | 75.67 | NOTE | |||
r-prerel-macos-arm64 | 0.1.3 | 25.00 | OK | |||
r-prerel-windows-x86_64 | 0.1.3 | 6.00 | 56.00 | 62.00 | OK | |
r-patched-linux-x86_64 | 0.1.3 | 9.59 | 46.33 | 55.92 | NOTE | |
r-release-linux-x86_64 | 0.1.3 | 5.21 | 47.21 | 52.42 | NOTE | |
r-release-macos-arm64 | 0.1.3 | 25.00 | OK | |||
r-release-macos-x86_64 | 0.1.3 | 34.00 | OK | |||
r-release-windows-x86_64 | 0.1.3 | 7.00 | 63.00 | 70.00 | OK | |
r-oldrel-macos-arm64 | 0.1.3 | 27.00 | NOTE | |||
r-oldrel-windows-x86_64 | 0.1.3 | 7.00 | 70.00 | 77.00 | OK |
Version: 0.1.3
Check: for non-standard things in the check directory
Result: NOTE
Found the following files/directories:
‘file.path(temp_dir, gp2.csv)’
Flavors: r-devel-linux-x86_64-debian-clang, r-devel-linux-x86_64-debian-gcc, r-devel-linux-x86_64-fedora-clang, r-devel-linux-x86_64-fedora-gcc, r-patched-linux-x86_64, r-release-linux-x86_64
Version: 0.1.3
Check: dependencies in R code
Result: NOTE
Namespace in Imports field not imported from: ‘knitr’
All declared Imports should be used.
Flavors: r-devel-linux-x86_64-fedora-clang, r-devel-linux-x86_64-fedora-gcc, r-oldrel-macos-arm64