CRAN Package Check Results for Package encryptr

Last updated on 2019-10-22 05:47:14 CEST.

Flavor Version Tinstall Tcheck Ttotal Status Flags
r-devel-linux-x86_64-debian-clang 0.1.3 3.75 36.20 39.95 NOTE
r-devel-linux-x86_64-debian-gcc 0.1.3 2.94 28.32 31.26 NOTE
r-devel-linux-x86_64-fedora-clang 0.1.3 48.38 NOTE
r-devel-linux-x86_64-fedora-gcc 0.1.3 46.10 NOTE
r-devel-windows-ix86+x86_64 0.1.3 12.00 73.00 85.00 OK
r-patched-linux-x86_64 0.1.3 3.49 34.86 38.35 OK
r-patched-solaris-x86 0.1.3 86.50 NOTE
r-release-linux-x86_64 0.1.3 3.01 34.44 37.45 OK
r-release-windows-ix86+x86_64 0.1.3 12.00 68.00 80.00 OK
r-release-osx-x86_64 0.1.3 NOTE
r-oldrel-windows-ix86+x86_64 0.1.3 6.00 47.00 53.00 OK
r-oldrel-osx-x86_64 0.1.3 NOTE

Check Details

Version: 0.1.3
Check: for non-standard things in the check directory
Result: NOTE
    Found the following files/directories:
     'file.path(temp_dir, gp2.csv)'
Flavors: r-devel-linux-x86_64-debian-clang, r-devel-linux-x86_64-debian-gcc, r-devel-linux-x86_64-fedora-clang, r-devel-linux-x86_64-fedora-gcc

Version: 0.1.3
Check: dependencies in R code
Result: NOTE
    Namespace in Imports field not imported from: ‘knitr’
     All declared Imports should be used.
Flavors: r-devel-linux-x86_64-fedora-clang, r-devel-linux-x86_64-fedora-gcc, r-patched-solaris-x86, r-release-osx-x86_64, r-oldrel-osx-x86_64