CRAN Package Check Results for Package enerscape

Last updated on 2022-11-27 11:55:47 CET.

Flavor Version Tinstall Tcheck Ttotal Status Flags
r-devel-linux-x86_64-debian-clang 0.1.3 2.00 61.87 63.87 OK
r-devel-linux-x86_64-debian-gcc 0.1.3 1.91 46.96 48.87 OK
r-devel-linux-x86_64-fedora-clang 0.1.3 90.28 NOTE
r-devel-linux-x86_64-fedora-gcc 0.1.3 88.01 NOTE
r-devel-windows-x86_64 0.1.3 13.00 89.00 102.00 OK
r-patched-linux-x86_64 0.1.3 2.25 60.63 62.88 OK
r-release-linux-x86_64 0.1.3 2.63 59.91 62.54 OK
r-release-macos-arm64 0.1.3 26.00 NOTE
r-release-macos-x86_64 0.1.3 36.00 NOTE
r-release-windows-x86_64 0.1.3 13.00 92.00 105.00 OK
r-oldrel-macos-arm64 0.1.3 22.00 NOTE
r-oldrel-macos-x86_64 0.1.3 32.00 NOTE
r-oldrel-windows-ix86+x86_64 0.1.3 7.00 85.00 92.00 OK

Check Details

Version: 0.1.3
Check: dependencies in R code
Result: NOTE
    Namespaces in Imports field not imported from:
     ‘rgdal’ ‘rgeos’
     All declared Imports should be used.
Flavors: r-devel-linux-x86_64-fedora-clang, r-devel-linux-x86_64-fedora-gcc, r-release-macos-arm64, r-release-macos-x86_64, r-oldrel-macos-arm64, r-oldrel-macos-x86_64