CRAN Package Check Results for Package entropart

Last updated on 2020-10-26 11:51:04 CET.

Flavor Version Tinstall Tcheck Ttotal Status Flags
r-devel-linux-x86_64-debian-clang 1.6-4 13.01 169.13 182.14 OK
r-devel-linux-x86_64-debian-gcc 1.6-4 8.43 143.35 151.78 OK
r-devel-linux-x86_64-fedora-clang 1.6-4 245.27 NOTE
r-devel-linux-x86_64-fedora-gcc 1.6-4 263.38 NOTE
r-devel-windows-ix86+x86_64 1.6-4 23.00 211.00 234.00 OK
r-patched-linux-x86_64 1.6-4 9.87 180.85 190.72 OK
r-patched-solaris-x86 1.6-4 309.50 NOTE
r-release-linux-x86_64 1.6-4 10.92 179.76 190.68 OK
r-release-macos-x86_64 1.6-4 NOTE
r-release-windows-ix86+x86_64 1.6-4 19.00 158.00 177.00 OK
r-oldrel-macos-x86_64 1.6-4 NOTE
r-oldrel-windows-ix86+x86_64 1.6-4 19.00 206.00 225.00 OK

Check Details

Version: 1.6-4
Check: dependencies in R code
Result: NOTE
    Namespaces in Imports field not imported from:
     ‘SPECIES’ ‘ade4’
     All declared Imports should be used.
Flavors: r-devel-linux-x86_64-fedora-clang, r-devel-linux-x86_64-fedora-gcc, r-patched-solaris-x86, r-release-macos-x86_64, r-oldrel-macos-x86_64

Version: 1.6-4
Check: package dependencies
Result: NOTE
    Package suggested but not available for checking: ‘pkgdown’
Flavor: r-patched-solaris-x86