CRAN Package Check Results for Package entrymodels

Last updated on 2023-03-27 23:55:40 CEST.

Flavor Version Tinstall Tcheck Ttotal Status Flags
r-devel-linux-x86_64-debian-clang 0.2.1 5.57 47.85 53.42 NOTE
r-devel-linux-x86_64-debian-gcc 0.2.1 4.45 35.57 40.02 NOTE
r-devel-linux-x86_64-fedora-clang 0.2.1 66.43 NOTE
r-devel-linux-x86_64-fedora-gcc 0.2.1 64.66 NOTE
r-patched-linux-x86_64 0.2.1 3.80 44.89 48.69 NOTE
r-release-linux-x86_64 0.2.1 5.08 45.56 50.64 NOTE
r-release-macos-arm64 0.2.1 25.00 NOTE
r-release-macos-x86_64 0.2.1 53.00 NOTE
r-release-windows-x86_64 0.2.1 16.00 75.00 91.00 NOTE
r-oldrel-macos-arm64 0.2.1 27.00 NOTE
r-oldrel-macos-x86_64 0.2.1 37.00 NOTE
r-oldrel-windows-ix86+x86_64 0.2.1 13.00 73.00 86.00 NOTE

Check Details

Version: 0.2.1
Check: LazyData
Result: NOTE
     'LazyData' is specified without a 'data' directory
Flavors: r-devel-linux-x86_64-debian-clang, r-devel-linux-x86_64-debian-gcc, r-devel-linux-x86_64-fedora-clang, r-devel-linux-x86_64-fedora-gcc, r-patched-linux-x86_64, r-release-linux-x86_64, r-release-macos-arm64, r-release-macos-x86_64, r-release-windows-x86_64, r-oldrel-macos-arm64, r-oldrel-macos-x86_64, r-oldrel-windows-ix86+x86_64