Last updated on 2024-08-16 11:49:39 CEST.
Flavor | Version | Tinstall | Tcheck | Ttotal | Status | Flags |
---|---|---|---|---|---|---|
r-devel-linux-x86_64-debian-clang | 0.1.4 | 7.88 | 93.96 | 101.84 | OK | |
r-devel-linux-x86_64-debian-gcc | 0.1.4 | 6.89 | 69.07 | 75.96 | OK | |
r-devel-linux-x86_64-fedora-clang | 0.1.4 | 166.54 | NOTE | |||
r-devel-linux-x86_64-fedora-gcc | 0.1.4 | 159.64 | OK | |||
r-devel-windows-x86_64 | 0.1.4 | 10.00 | 142.00 | 152.00 | OK | |
r-patched-linux-x86_64 | 0.1.4 | 7.98 | 88.66 | 96.64 | OK | |
r-release-linux-x86_64 | 0.1.4 | 8.91 | 88.55 | 97.46 | OK | |
r-release-macos-arm64 | 0.1.4 | 63.00 | OK | |||
r-release-macos-x86_64 | 0.1.4 | 113.00 | OK | |||
r-release-windows-x86_64 | 0.1.4 | 10.00 | 142.00 | 152.00 | OK | |
r-oldrel-macos-arm64 | 0.1.4 | 58.00 | OK | |||
r-oldrel-macos-x86_64 | 0.1.4 | 159.00 | OK | |||
r-oldrel-windows-x86_64 | 0.1.4 | 13.00 | 170.00 | 183.00 | OK |
Version: 0.1.4
Check: package dependencies
Result: NOTE
Imports includes 21 non-default packages.
Importing from so many packages makes the package vulnerable to any of
them becoming unavailable. Move as many as possible to Suggests and
use conditionally.
Flavor: r-devel-linux-x86_64-fedora-clang