Last updated on 2024-08-31 17:48:55 CEST.
Flavor | Version | Tinstall | Tcheck | Ttotal | Status | Flags |
---|---|---|---|---|---|---|
r-devel-linux-x86_64-debian-clang | 0.2.1 | 4.16 | 76.77 | 80.93 | NOTE | |
r-devel-linux-x86_64-debian-gcc | 0.2.1 | 2.73 | 56.95 | 59.68 | NOTE | |
r-devel-linux-x86_64-fedora-clang | 0.2.1 | 133.28 | OK | |||
r-devel-linux-x86_64-fedora-gcc | 0.2.1 | 142.55 | OK | |||
r-devel-windows-x86_64 | 0.2.1 | 7.00 | 101.00 | 108.00 | NOTE | |
r-patched-linux-x86_64 | 0.2.1 | 9.03 | 72.77 | 81.80 | OK | |
r-release-linux-x86_64 | 0.2.1 | 4.14 | 73.21 | 77.35 | OK | |
r-release-macos-arm64 | 0.2.1 | 48.00 | OK | |||
r-release-macos-x86_64 | 0.2.1 | 76.00 | OK | |||
r-release-windows-x86_64 | 0.2.1 | 8.00 | 105.00 | 113.00 | OK | |
r-oldrel-macos-arm64 | 0.2.1 | 45.00 | OK | |||
r-oldrel-macos-x86_64 | 0.2.1 | 94.00 | OK | |||
r-oldrel-windows-x86_64 | 0.2.1 | 8.00 | 113.00 | 121.00 | OK |
Version: 0.2.1
Check: Rd cross-references
Result: NOTE
Found the following Rd file(s) with Rd \link{} targets missing package
anchors:
sub-.epiflows.Rd: [.epicontacts
Please provide package anchors for all Rd \link{} targets not in the
package itself and the base packages.
Flavors: r-devel-linux-x86_64-debian-clang, r-devel-linux-x86_64-debian-gcc, r-devel-windows-x86_64