Last updated on 2023-06-07 12:00:34 CEST.
Flavor | Version | Tinstall | Tcheck | Ttotal | Status | Flags |
---|---|---|---|---|---|---|
r-devel-linux-x86_64-debian-clang | 0.6-5 | 11.46 | 58.84 | 70.30 | OK | |
r-devel-linux-x86_64-debian-gcc | 0.6-5 | 9.15 | 45.74 | 54.89 | OK | |
r-devel-linux-x86_64-fedora-clang | 0.6-5 | 92.96 | OK | |||
r-devel-linux-x86_64-fedora-gcc | 0.6-5 | 87.31 | OK | |||
r-devel-windows-x86_64 | 0.6-5 | 12.00 | 73.00 | 85.00 | OK | |
r-patched-linux-x86_64 | 0.6-5 | 11.69 | 56.27 | 67.96 | OK | |
r-release-linux-x86_64 | 0.6-5 | 10.97 | 57.53 | 68.50 | OK | |
r-release-macos-arm64 | 0.6-5 | 30.00 | OK | |||
r-release-macos-x86_64 | 0.6-5 | 43.00 | NOTE | |||
r-release-windows-x86_64 | 0.6-5 | 13.00 | 84.00 | 97.00 | OK | |
r-oldrel-macos-arm64 | 0.6-5 | 24.00 | OK | |||
r-oldrel-macos-x86_64 | 0.6-5 | 54.00 | OK | |||
r-oldrel-windows-x86_64 | 0.6-5 | 14.00 | 80.00 | 94.00 | OK |
Version: 0.6-5
Check: package dependencies
Result: NOTE
Packages suggested but not available for checking:
'fields', 'forecast', 'imputeTS', 'lme4', 'statnet'
Flavor: r-release-macos-x86_64