CRAN Package Check Results for Package epimdr2

Last updated on 2023-06-09 11:57:22 CEST.

Flavor Version Tinstall Tcheck Ttotal Status Flags
r-devel-linux-x86_64-debian-clang 1.0-9 17.84 99.08 116.92 OK
r-devel-linux-x86_64-debian-gcc 1.0-9 14.13 72.31 86.44 OK
r-devel-linux-x86_64-fedora-clang 1.0-9 149.44 OK
r-devel-linux-x86_64-fedora-gcc 1.0-9 139.63 OK
r-devel-windows-x86_64 1.0-9 17.00 101.00 118.00 OK
r-patched-linux-x86_64 1.0-9 18.57 90.47 109.04 OK
r-release-linux-x86_64 1.0-9 15.69 91.51 107.20 OK
r-release-macos-arm64 1.0-9 44.00 OK
r-release-macos-x86_64 1.0-9 64.00 NOTE
r-release-windows-x86_64 1.0-9 20.00 115.00 135.00 OK
r-oldrel-macos-arm64 1.0-9 46.00 OK
r-oldrel-macos-x86_64 1.0-9 64.00 OK
r-oldrel-windows-x86_64 1.0-9 20.00 110.00 130.00 OK

Check Details

Version: 1.0-9
Check: package dependencies
Result: NOTE
    Packages suggested but not available for checking:
     'fields', 'lme4', 'rworldmap', 'statnet'
Flavor: r-release-macos-x86_64