CRAN Package Check Results for Package epiworldR

Last updated on 2024-04-22 11:53:54 CEST.

Flavor Version Tinstall Tcheck Ttotal Status Flags
r-devel-linux-x86_64-debian-clang 0.1-0 89.25 104.13 193.38 OK
r-devel-linux-x86_64-debian-gcc 0.1-0 84.17 61.42 145.59 OK
r-devel-linux-x86_64-fedora-clang 0.1-0 248.61 OK
r-devel-linux-x86_64-fedora-gcc 0.1-0 293.71 NOTE
r-prerel-macos-arm64 0.1-0 101.00 NOTE
r-prerel-macos-x86_64 0.1-0 158.00 NOTE
r-prerel-windows-x86_64 0.1-0 73.00 123.00 196.00 OK
r-patched-linux-x86_64 0.1-0 106.83 76.99 183.82 OK
r-release-linux-x86_64 0.1-0 99.70 75.21 174.91 OK
r-release-macos-arm64 0.1-0 108.00 NOTE
r-release-macos-x86_64 0.1-0 190.00 NOTE
r-release-windows-x86_64 0.1-0 65.00 127.00 192.00 OK
r-oldrel-macos-arm64 0.1-0 88.00 NOTE
r-oldrel-windows-x86_64 0.1-0 81.00 114.00 195.00 OK

Check Details

Version: 0.1-0
Check: compiled code
Result: NOTE File ‘epiworldR/libs/epiworldR.so’: Found non-API calls to R: ‘SETLENGTH’, ‘SET_TRUELENGTH’ Compiled code should not call non-API entry points in R. See ‘Writing portable packages’ in the ‘Writing R Extensions’ manual. Flavor: r-devel-linux-x86_64-fedora-gcc

Version: 0.1-0
Check: installed package size
Result: NOTE installed size is 13.2Mb sub-directories of 1Mb or more: libs 11.5Mb Flavors: r-prerel-macos-arm64, r-prerel-macos-x86_64, r-release-macos-arm64, r-release-macos-x86_64, r-oldrel-macos-arm64