CRAN Package Check Results for Package eplusr

Last updated on 2025-06-18 11:49:21 CEST.

Flavor Version Tinstall Tcheck Ttotal Status Flags
r-devel-linux-x86_64-debian-clang 0.16.3 53.19 283.96 337.15 OK
r-devel-linux-x86_64-debian-gcc 0.16.3 36.82 183.44 220.26 OK
r-devel-linux-x86_64-fedora-clang 0.16.3 519.15 OK
r-devel-linux-x86_64-fedora-gcc 0.16.3 494.95 OK
r-devel-windows-x86_64 0.16.3 54.00 251.00 305.00 OK
r-patched-linux-x86_64 0.16.3 58.42 254.46 312.88 OK
r-release-linux-x86_64 0.16.3 51.98 257.22 309.20 OK
r-release-macos-arm64 0.16.3 136.00 OK
r-release-macos-x86_64 0.16.3 260.00 OK
r-release-windows-x86_64 0.16.3 55.00 255.00 310.00 OK
r-oldrel-macos-arm64 0.16.3 125.00 NOTE
r-oldrel-macos-x86_64 0.16.3 251.00 NOTE
r-oldrel-windows-x86_64 0.16.3 73.00 329.00 402.00 OK

Check Details

Version: 0.16.3
Check: installed package size
Result: NOTE installed size is 5.4Mb sub-directories of 1Mb or more: R 4.3Mb Flavors: r-oldrel-macos-arm64, r-oldrel-macos-x86_64