CRAN Package Check Results for Package epo

Last updated on 2024-04-23 23:55:59 CEST.

Flavor Version Tinstall Tcheck Ttotal Status Flags
r-devel-linux-x86_64-debian-clang 0.1.0 2.15 23.61 25.76 OK
r-devel-linux-x86_64-debian-gcc 0.1.0 1.66 18.63 20.29 OK
r-devel-linux-x86_64-fedora-clang 0.1.0 33.56 NOTE
r-devel-linux-x86_64-fedora-gcc 0.1.0 31.37 NOTE
r-prerel-macos-arm64 0.1.0 15.00 OK
r-prerel-windows-x86_64 0.1.0 3.00 40.00 43.00 OK
r-patched-linux-x86_64 0.1.0 1.88 23.58 25.46 OK
r-release-linux-x86_64 0.1.0 1.33 23.61 24.94 OK
r-release-macos-arm64 0.1.0 18.00 OK
r-release-macos-x86_64 0.1.0 27.00 OK
r-release-windows-x86_64 0.1.0 4.00 41.00 45.00 OK
r-oldrel-macos-arm64 0.1.0 19.00 OK
r-oldrel-windows-x86_64 0.1.0 3.00 44.00 47.00 OK

Check Details

Version: 0.1.0
Check: dependencies in R code
Result: NOTE Namespace in Imports field not imported from: ‘xts’ All declared Imports should be used. Flavors: r-devel-linux-x86_64-fedora-clang, r-devel-linux-x86_64-fedora-gcc