CRAN Package Check Results for Package epoc

Last updated on 2022-09-27 11:51:13 CEST.

Flavor Version Tinstall Tcheck Ttotal Status Flags
r-devel-linux-x86_64-debian-clang 0.2.6-1.1 10.53 75.55 86.08 OK
r-devel-linux-x86_64-debian-gcc 0.2.6-1.1 7.97 58.82 66.79 OK
r-devel-linux-x86_64-fedora-clang 0.2.6-1.1 119.25 OK
r-devel-linux-x86_64-fedora-gcc 0.2.6-1.1 121.81 OK
r-devel-windows-x86_64 0.2.6-1.1 17.00 96.00 113.00 OK
r-patched-linux-x86_64 0.2.6-1.1 9.90 74.30 84.20 OK
r-release-linux-x86_64 0.2.6-1.1 10.12 74.39 84.51 OK
r-release-macos-arm64 0.2.6-1.1 31.00 NOTE
r-release-macos-x86_64 0.2.6-1.1 45.00 OK
r-release-windows-x86_64 0.2.6-1.1 13.00 100.00 113.00 OK
r-oldrel-macos-arm64 0.2.6-1.1 37.00 OK
r-oldrel-macos-x86_64 0.2.6-1.1 61.00 OK
r-oldrel-windows-ix86+x86_64 0.2.6-1.1 19.00 96.00 115.00 OK

Check Details

Version: 0.2.6-1.1
Check: package dependencies
Result: NOTE
    Package suggested but not available for checking: ‘graph’
Flavor: r-release-macos-arm64