Last updated on 2024-08-31 23:49:03 CEST.
Flavor | Version | Tinstall | Tcheck | Ttotal | Status | Flags |
---|---|---|---|---|---|---|
r-devel-linux-x86_64-debian-clang | 0.2.6-1.1 | 6.34 | 60.18 | 66.52 | NOTE | |
r-devel-linux-x86_64-debian-gcc | 0.2.6-1.1 | 5.05 | 44.07 | 49.12 | NOTE | |
r-devel-linux-x86_64-fedora-clang | 0.2.6-1.1 | 106.75 | OK | |||
r-devel-linux-x86_64-fedora-gcc | 0.2.6-1.1 | 101.72 | OK | |||
r-devel-windows-x86_64 | 0.2.6-1.1 | 9.00 | 72.00 | 81.00 | NOTE | |
r-patched-linux-x86_64 | 0.2.6-1.1 | 9.08 | 57.24 | 66.32 | OK | |
r-release-linux-x86_64 | 0.2.6-1.1 | 7.24 | 56.45 | 63.69 | OK | |
r-release-macos-arm64 | 0.2.6-1.1 | 31.00 | OK | |||
r-release-macos-x86_64 | 0.2.6-1.1 | 52.00 | OK | |||
r-release-windows-x86_64 | 0.2.6-1.1 | 9.00 | 73.00 | 82.00 | OK | |
r-oldrel-macos-arm64 | 0.2.6-1.1 | 35.00 | OK | |||
r-oldrel-macos-x86_64 | 0.2.6-1.1 | 57.00 | NOTE | |||
r-oldrel-windows-x86_64 | 0.2.6-1.1 | 10.00 | 84.00 | 94.00 | OK |
Version: 0.2.6-1.1
Check: Rd cross-references
Result: NOTE
Found the following Rd file(s) with Rd \link{} targets missing package
anchors:
epoc.Rd: lassoshooting
epoc.survival.Rd: survdiff
Please provide package anchors for all Rd \link{} targets not in the
package itself and the base packages.
Flavors: r-devel-linux-x86_64-debian-clang, r-devel-linux-x86_64-debian-gcc, r-devel-windows-x86_64
Version: 0.2.6-1.1
Check: package dependencies
Result: NOTE
Package suggested but not available for checking: ‘graph’
Flavor: r-oldrel-macos-x86_64